CRAN Package Check Results for Package SPCDAnalyze

Last updated on 2021-05-09 12:49:53 CEST.

Flavor Version Tinstall Tcheck Ttotal Status Flags
r-devel-linux-x86_64-debian-clang 0.1.0 9.67 74.29 83.96 NOTE
r-devel-linux-x86_64-debian-gcc 0.1.0 6.93 57.54 64.47 NOTE
r-devel-linux-x86_64-fedora-clang 0.1.0 108.91 NOTE
r-devel-linux-x86_64-fedora-gcc 0.1.0 105.19 NOTE
r-devel-windows-ix86+x86_64 0.1.0 16.00 94.00 110.00 NOTE
r-devel-windows-x86_64-gcc10-UCRT 0.1.0 NOTE
r-patched-linux-x86_64 0.1.0 7.03 72.87 79.90 NOTE
r-patched-solaris-x86 0.1.0 151.30 OK
r-release-linux-x86_64 0.1.0 8.01 69.34 77.35 OK
r-release-macos-x86_64 0.1.0 OK
r-release-windows-ix86+x86_64 0.1.0 15.00 72.00 87.00 OK
r-oldrel-macos-x86_64 0.1.0 OK
r-oldrel-windows-ix86+x86_64 0.1.0 17.00 11.00 28.00 ERROR

Check Details

Version: 0.1.0
Check: LazyData
Result: NOTE
     'LazyData' is specified without a 'data' directory
Flavors: r-devel-linux-x86_64-debian-clang, r-devel-linux-x86_64-debian-gcc, r-devel-linux-x86_64-fedora-clang, r-devel-linux-x86_64-fedora-gcc, r-devel-windows-ix86+x86_64, r-devel-windows-x86_64-gcc10-UCRT, r-patched-linux-x86_64

Version: 0.1.0
Check: whether package can be installed
Result: ERROR
    Installation failed.*
Flavor: r-oldrel-windows-ix86+x86_64