Last updated on 2024-04-19 11:57:02 CEST.
Flavor | Version | Tinstall | Tcheck | Ttotal | Status | Flags |
---|---|---|---|---|---|---|
r-devel-linux-x86_64-debian-clang | 2024.1.31 | 103.41 | 127.53 | 230.94 | OK | |
r-devel-linux-x86_64-debian-gcc | 2024.1.31 | OK | ||||
r-devel-linux-x86_64-fedora-clang | 2024.1.31 | 276.12 | OK | |||
r-devel-linux-x86_64-fedora-gcc | 2024.1.31 | 346.77 | OK | |||
r-prerel-macos-arm64 | 2024.1.31 | 88.00 | NOTE | |||
r-prerel-macos-x86_64 | 2024.1.31 | 255.00 | NOTE | |||
r-prerel-windows-x86_64 | 2024.1.31 | 88.00 | 126.00 | 214.00 | NOTE | |
r-patched-linux-x86_64 | 2024.1.31 | 119.35 | 125.90 | 245.25 | OK | |
r-release-linux-x86_64 | 2024.1.31 | 126.49 | 125.60 | 252.09 | OK | |
r-release-macos-arm64 | 2024.1.31 | 93.00 | NOTE | |||
r-release-macos-x86_64 | 2024.1.31 | 208.00 | NOTE | |||
r-release-windows-x86_64 | 2024.1.31 | 109.00 | 156.00 | 265.00 | NOTE | |
r-oldrel-macos-arm64 | 2024.1.31 | 87.00 | NOTE | |||
r-oldrel-windows-x86_64 | 2024.1.31 | 97.00 | 148.00 | 245.00 | NOTE |
Version: 2024.1.31
Check: installed package size
Result: NOTE
installed size is 47.1Mb
sub-directories of 1Mb or more:
libs 46.3Mb
Flavors: r-prerel-macos-arm64, r-prerel-macos-x86_64, r-prerel-windows-x86_64, r-release-macos-arm64, r-release-macos-x86_64, r-release-windows-x86_64, r-oldrel-macos-arm64, r-oldrel-windows-x86_64