Last updated on 2024-04-26 11:52:52 CEST.
Flavor | Version | Tinstall | Tcheck | Ttotal | Status | Flags |
---|---|---|---|---|---|---|
r-devel-linux-x86_64-debian-clang | 0.2.0 | 6.62 | 66.97 | 73.59 | NOTE | |
r-devel-linux-x86_64-debian-gcc | 0.2.0 | 5.84 | 50.18 | 56.02 | NOTE | |
r-devel-linux-x86_64-fedora-clang | 0.2.0 | 93.42 | NOTE | |||
r-devel-linux-x86_64-fedora-gcc | 0.2.0 | 87.46 | NOTE | |||
r-devel-windows-x86_64 | 0.2.0 | 8.00 | 70.00 | 78.00 | NOTE | |
r-patched-linux-x86_64 | 0.2.0 | 7.69 | 62.61 | 70.30 | NOTE | |
r-release-linux-x86_64 | 0.2.0 | 6.98 | 65.21 | 72.19 | NOTE | |
r-release-macos-arm64 | 0.2.0 | 29.00 | NOTE | |||
r-release-windows-x86_64 | 0.2.0 | 8.00 | 67.00 | 75.00 | NOTE | |
r-oldrel-macos-arm64 | 0.2.0 | 29.00 | NOTE | |||
r-oldrel-macos-x86_64 | 0.2.0 | 47.00 | NOTE | |||
r-oldrel-windows-x86_64 | 0.2.0 | 10.00 | 83.00 | 93.00 | NOTE |
Version: 0.2.0
Check: LazyData
Result: NOTE
'LazyData' is specified without a 'data' directory
Flavors: r-devel-linux-x86_64-debian-clang, r-devel-linux-x86_64-debian-gcc, r-devel-linux-x86_64-fedora-clang, r-devel-linux-x86_64-fedora-gcc, r-devel-windows-x86_64, r-patched-linux-x86_64, r-release-linux-x86_64, r-release-macos-arm64, r-release-windows-x86_64, r-oldrel-macos-arm64, r-oldrel-macos-x86_64, r-oldrel-windows-x86_64