CRAN Package Check Results for Package SOMEnv

Last updated on 2023-06-08 05:58:22 CEST.

Flavor Version Tinstall Tcheck Ttotal Status Flags
r-devel-linux-x86_64-debian-clang 1.1.2 17.64 129.23 146.87 OK
r-devel-linux-x86_64-debian-gcc 1.1.2 13.27 95.33 108.60 OK
r-devel-linux-x86_64-fedora-clang 1.1.2 178.69 NOTE
r-devel-linux-x86_64-fedora-gcc 1.1.2 168.17 NOTE
r-devel-windows-x86_64 1.1.2 15.00 105.00 120.00 OK
r-patched-linux-x86_64 1.1.2 12.63 120.42 133.05 OK
r-release-linux-x86_64 1.1.2 10.66 118.40 129.06 OK
r-release-macos-arm64 1.1.2 51.00 OK
r-release-macos-x86_64 1.1.2 84.00 OK
r-release-windows-x86_64 1.1.2 19.00 132.00 151.00 OK
r-oldrel-macos-arm64 1.1.2 45.00 NOTE
r-oldrel-macos-x86_64 1.1.2 82.00 NOTE
r-oldrel-windows-x86_64 1.1.2 20.00 126.00 146.00 OK

Check Details

Version: 1.1.2
Check: dependencies in R code
Result: NOTE
    Namespace in Imports field not imported from: ‘rlist’
     All declared Imports should be used.
Flavors: r-devel-linux-x86_64-fedora-clang, r-devel-linux-x86_64-fedora-gcc, r-oldrel-macos-arm64, r-oldrel-macos-x86_64