Last updated on 2024-04-19 21:56:42 CEST.
Flavor | Version | Tinstall | Tcheck | Ttotal | Status | Flags |
---|---|---|---|---|---|---|
r-devel-linux-x86_64-debian-clang | 0.8.2 | 83.56 | 228.97 | 312.53 | NOTE | |
r-devel-linux-x86_64-debian-gcc | 0.8.2 | NOTE | ||||
r-devel-linux-x86_64-fedora-clang | 0.8.2 | 385.84 | NOTE | |||
r-devel-linux-x86_64-fedora-gcc | 0.8.2 | 397.35 | NOTE | |||
r-prerel-macos-arm64 | 0.8.2 | 102.00 | NOTE | |||
r-prerel-windows-x86_64 | 0.8.2 | 66.00 | 183.00 | 249.00 | NOTE | |
r-patched-linux-x86_64 | 0.8.2 | 79.17 | 199.56 | 278.73 | NOTE | |
r-release-linux-x86_64 | 0.8.2 | 77.01 | 201.75 | 278.76 | NOTE | |
r-release-macos-arm64 | 0.8.2 | 116.00 | NOTE | |||
r-release-macos-x86_64 | 0.8.2 | 179.00 | NOTE | |||
r-release-windows-x86_64 | 0.8.2 | 79.00 | 237.00 | 316.00 | NOTE | |
r-oldrel-macos-arm64 | 0.8.2 | 99.00 | NOTE | |||
r-oldrel-windows-x86_64 | 0.8.2 | 81.00 | 225.00 | 306.00 | OK |
Version: 0.8.2
Check: C++ specification
Result: NOTE
Specified C++11: please drop specification unless essential
Flavors: r-devel-linux-x86_64-debian-clang, r-devel-linux-x86_64-debian-gcc, r-devel-linux-x86_64-fedora-clang, r-devel-linux-x86_64-fedora-gcc, r-prerel-macos-arm64, r-prerel-windows-x86_64, r-patched-linux-x86_64, r-release-linux-x86_64, r-release-macos-arm64, r-release-macos-x86_64, r-release-windows-x86_64
Version: 0.8.2
Check: Rd files
Result: NOTE
checkRd: (-1) knockoffGenotypes.Rd:32: Lost braces; missing escapes or markup?
32 | This function efficiently constructs group-knockoffs of {0,1,2} variables distributed
| ^
checkRd: (-1) knockoffGenotypes.Rd:11: Lost braces; missing escapes or markup?
11 | \item{X}{a {0,1,2} matrix of size n-by-p containing the original variables.}
| ^
checkRd: (-1) knockoffGenotypes.Rd:29: Lost braces; missing escapes or markup?
29 | A {0,1,2} matrix of size n-by-p containing the knockoff variables.
| ^
Flavors: r-devel-linux-x86_64-debian-clang, r-devel-linux-x86_64-debian-gcc, r-devel-linux-x86_64-fedora-clang, r-devel-linux-x86_64-fedora-gcc, r-prerel-macos-arm64, r-prerel-windows-x86_64, r-patched-linux-x86_64
Version: 0.8.2
Check: installed package size
Result: NOTE
installed size is 6.1Mb
sub-directories of 1Mb or more:
extdata 3.1Mb
libs 2.7Mb
Flavors: r-prerel-macos-arm64, r-release-macos-arm64, r-release-macos-x86_64, r-oldrel-macos-arm64