Last updated on 2025-05-12 12:49:23 CEST.
Flavor | Version | Tinstall | Tcheck | Ttotal | Status | Flags |
---|---|---|---|---|---|---|
r-devel-linux-x86_64-debian-clang | 0.1 | 1.55 | 17.61 | 19.16 | NOTE | |
r-devel-linux-x86_64-debian-gcc | 0.1 | 1.28 | 14.47 | 15.75 | NOTE | |
r-devel-linux-x86_64-fedora-clang | 0.1 | 29.57 | OK | |||
r-devel-linux-x86_64-fedora-gcc | 0.1 | 28.00 | OK | |||
r-devel-windows-x86_64 | 0.1 | 3.00 | 36.00 | 39.00 | OK | |
r-patched-linux-x86_64 | 0.1 | 1.63 | 17.05 | 18.68 | OK | |
r-release-linux-x86_64 | 0.1 | 1.67 | 16.94 | 18.61 | OK | |
r-release-macos-arm64 | 0.1 | 16.00 | OK | |||
r-release-macos-x86_64 | 0.1 | 22.00 | OK | |||
r-release-windows-x86_64 | 0.1 | 3.00 | 36.00 | 39.00 | OK | |
r-oldrel-macos-arm64 | 0.1 | 14.00 | OK | |||
r-oldrel-macos-x86_64 | 0.1 | 20.00 | OK | |||
r-oldrel-windows-x86_64 | 0.1 | 3.00 | 35.00 | 38.00 | OK |
Version: 0.1
Check: CRAN incoming feasibility
Result: NOTE
Maintainer: ‘Siddharth Jain <siddharthjain242@gmail.com>’
No Authors@R field in DESCRIPTION.
Please add one, modifying
Authors@R: c(person(given = "Siddharth",
family = "Jain",
role = c("aut", "cre"),
email = "siddharthjain242@gmail.com"),
person(given = "Prabhanjan",
family = "Tattar",
role = "aut"))
as necessary.
Flavors: r-devel-linux-x86_64-debian-clang, r-devel-linux-x86_64-debian-gcc