CRAN Package Check Results for Package SMDIC

Last updated on 2022-01-22 11:51:13 CET.

Flavor Version Tinstall Tcheck Ttotal Status Flags
r-devel-linux-x86_64-debian-clang 0.1.3 46.18 441.47 487.65 OK
r-devel-linux-x86_64-debian-gcc 0.1.3 40.12 337.47 377.59 OK
r-devel-linux-x86_64-fedora-clang 0.1.3 607.05 NOTE
r-devel-linux-x86_64-fedora-gcc 0.1.3 594.95 NOTE
r-devel-windows-x86_64-new-UL 0.1.3 60.00 485.00 545.00 OK
r-devel-windows-x86_64-new-TK 0.1.3 NOTE
r-patched-linux-x86_64 0.1.3 45.87 419.32 465.19 OK
r-release-linux-x86_64 0.1.3 40.35 424.02 464.37 OK
r-release-macos-arm64 0.1.3 NOTE
r-release-macos-x86_64 0.1.3 NOTE
r-release-windows-ix86+x86_64 0.1.3 111.00 484.00 595.00 OK
r-oldrel-macos-x86_64 0.1.3 ERROR
r-oldrel-windows-ix86+x86_64 0.1.3 80.00 394.00 474.00 OK

Check Details

Version: 0.1.3
Check: dependencies in R code
Result: NOTE
    Namespace in Imports field not imported from: ‘quadprog’
     All declared Imports should be used.
Flavors: r-devel-linux-x86_64-fedora-clang, r-devel-linux-x86_64-fedora-gcc, r-devel-windows-x86_64-new-TK, r-release-macos-arm64, r-release-macos-x86_64

Version: 0.1.3
Check: package dependencies
Result: ERROR
    Package required but not available: ‘maftools’
    
    See section ‘The DESCRIPTION file’ in the ‘Writing R Extensions’
    manual.
Flavor: r-oldrel-macos-x86_64