Last updated on 2025-05-20 21:50:29 CEST.
Flavor | Version | Tinstall | Tcheck | Ttotal | Status | Flags |
---|---|---|---|---|---|---|
r-devel-linux-x86_64-debian-clang | 2.0.0 | 3.62 | 397.82 | 401.44 | NOTE | |
r-devel-linux-x86_64-debian-gcc | 2.0.0 | 2.84 | 263.10 | 265.94 | NOTE | |
r-devel-linux-x86_64-fedora-clang | 2.0.0 | 656.21 | OK | |||
r-devel-linux-x86_64-fedora-gcc | 2.0.0 | 710.11 | OK | |||
r-devel-windows-x86_64 | 2.0.0 | 5.00 | 439.00 | 444.00 | OK | |
r-patched-linux-x86_64 | 2.0.0 | 3.55 | 385.15 | 388.70 | OK | |
r-release-linux-x86_64 | 2.0.0 | 3.51 | 387.80 | 391.31 | OK | |
r-release-macos-arm64 | 2.0.0 | 193.00 | OK | |||
r-release-macos-x86_64 | 2.0.0 | 402.00 | OK | |||
r-release-windows-x86_64 | 2.0.0 | 6.00 | 447.00 | 453.00 | OK | |
r-oldrel-macos-arm64 | 2.0.0 | 175.00 | OK | |||
r-oldrel-macos-x86_64 | 2.0.0 | 283.00 | OK | |||
r-oldrel-windows-x86_64 | 2.0.0 | 6.00 | 547.00 | 553.00 | OK |
Version: 2.0.0
Check: CRAN incoming feasibility
Result: NOTE
Maintainer: ‘William Artman <William_Artman@URMC.Rochester.edu>’
The Description field contains
outcomes. Please see Artman (2020) <arXiv:2008.02341>.
Please refer to arXiv e-prints via their arXiv DOI <doi:10.48550/arXiv.YYMM.NNNNN>.
Flavors: r-devel-linux-x86_64-debian-clang, r-devel-linux-x86_64-debian-gcc