CRAN Package Check Results for Package SLOPE

Last updated on 2023-03-22 12:54:02 CET.

Flavor Version Tinstall Tcheck Ttotal Status Flags
r-devel-linux-x86_64-debian-clang 0.5.0 181.57 188.80 370.37 NOTE
r-devel-linux-x86_64-debian-gcc 0.5.0 147.18 137.02 284.20 NOTE
r-devel-linux-x86_64-fedora-clang 0.5.0 592.91 NOTE
r-devel-linux-x86_64-fedora-gcc 0.5.0 516.34 NOTE
r-devel-windows-x86_64 0.5.0 189.00 266.00 455.00 NOTE
r-patched-linux-x86_64 0.5.0 161.58 177.26 338.84 OK
r-release-linux-x86_64 0.5.0 126.76 177.24 304.00 OK
r-release-macos-arm64 0.5.0 131.00 NOTE
r-release-macos-x86_64 0.5.0 159.00 NOTE
r-release-windows-x86_64 0.5.0 166.00 267.00 433.00 OK
r-oldrel-macos-arm64 0.5.0 133.00 NOTE
r-oldrel-macos-x86_64 0.5.0 158.00 NOTE
r-oldrel-windows-ix86+x86_64 0.5.0 435.00 386.00 821.00 OK

Check Details

Version: 0.5.0
Check: C++ specification
Result: NOTE
     Specified C++11: please drop specification unless essential
Flavors: r-devel-linux-x86_64-debian-clang, r-devel-linux-x86_64-debian-gcc, r-devel-linux-x86_64-fedora-clang, r-devel-linux-x86_64-fedora-gcc, r-devel-windows-x86_64

Version: 0.5.0
Check: dependencies in R code
Result: NOTE
    Namespaces in Imports field not imported from:
     ‘checkmate’ ‘glmnet’ ‘mice’
     All declared Imports should be used.
Flavors: r-devel-linux-x86_64-fedora-clang, r-devel-linux-x86_64-fedora-gcc, r-release-macos-arm64, r-release-macos-x86_64, r-oldrel-macos-arm64, r-oldrel-macos-x86_64

Version: 0.5.0
Check: installed package size
Result: NOTE
     installed size is 9.4Mb
     sub-directories of 1Mb or more:
     libs 8.9Mb
Flavors: r-release-macos-arm64, r-release-macos-x86_64, r-oldrel-macos-arm64, r-oldrel-macos-x86_64