Last updated on 2025-02-04 03:50:01 CET.
Flavor | Version | Tinstall | Tcheck | Ttotal | Status | Flags |
---|---|---|---|---|---|---|
r-devel-linux-x86_64-debian-clang | 1.8 | 2.03 | 20.35 | 22.38 | OK | |
r-devel-linux-x86_64-debian-gcc | 1.8 | 1.51 | 16.26 | 17.77 | OK | |
r-devel-linux-x86_64-fedora-clang | 1.8 | 37.10 | OK | |||
r-devel-linux-x86_64-fedora-gcc | 1.8 | 34.04 | OK | |||
r-devel-windows-x86_64 | 1.8 | 3.00 | 47.00 | 50.00 | OK | |
r-patched-linux-x86_64 | 1.8 | 2.06 | 19.32 | 21.38 | NOTE | |
r-release-linux-x86_64 | 1.8 | 1.93 | 19.40 | 21.33 | NOTE | |
r-release-macos-arm64 | 1.8 | 16.00 | NOTE | |||
r-release-macos-x86_64 | 1.8 | 24.00 | NOTE | |||
r-release-windows-x86_64 | 1.8 | 4.00 | 45.00 | 49.00 | NOTE | |
r-oldrel-macos-arm64 | 1.8 | 20.00 | NOTE | |||
r-oldrel-macos-x86_64 | 1.8 | 22.00 | NOTE | |||
r-oldrel-windows-x86_64 | 1.8 | 4.00 | 46.00 | 50.00 | NOTE |
Version: 1.8
Check: LazyData
Result: NOTE
'LazyData' is specified without a 'data' directory
Flavors: r-patched-linux-x86_64, r-release-linux-x86_64, r-release-macos-arm64, r-release-macos-x86_64, r-release-windows-x86_64, r-oldrel-macos-arm64, r-oldrel-macos-x86_64, r-oldrel-windows-x86_64