Last updated on 2025-04-29 12:52:50 CEST.
Flavor | Version | Tinstall | Tcheck | Ttotal | Status | Flags |
---|---|---|---|---|---|---|
r-devel-linux-x86_64-debian-clang | 0.0.4 | 43.62 | 214.72 | 258.34 | NOTE | |
r-devel-linux-x86_64-debian-gcc | 0.0.4 | 37.36 | 151.43 | 188.79 | NOTE | |
r-devel-linux-x86_64-fedora-clang | 0.0.4 | 434.19 | NOTE | |||
r-devel-linux-x86_64-fedora-gcc | 0.0.4 | 398.51 | NOTE | |||
r-devel-windows-x86_64 | 0.0.4 | 47.00 | 202.00 | 249.00 | NOTE | |
r-patched-linux-x86_64 | 0.0.4 | 45.16 | 202.43 | 247.59 | NOTE | |
r-release-linux-x86_64 | 0.0.4 | 43.26 | 204.43 | 247.69 | NOTE | |
r-release-macos-arm64 | 0.0.4 | 148.00 | NOTE | |||
r-release-macos-x86_64 | 0.0.4 | 202.00 | NOTE | |||
r-release-windows-x86_64 | 0.0.4 | 45.00 | 208.00 | 253.00 | NOTE | |
r-oldrel-macos-arm64 | 0.0.4 | 138.00 | NOTE | |||
r-oldrel-macos-x86_64 | 0.0.4 | 185.00 | NOTE | |||
r-oldrel-windows-x86_64 | 0.0.4 | 57.00 | 270.00 | 327.00 | NOTE |
Version: 0.0.4
Check: Rd files
Result: NOTE
checkRd: (-1) outliers.hdts.Rd:44: Lost braces; missing escapes or markup?
44 | \item I.cov.rob - The matrix (V'GnV)^{-1} used to compute the statistics to detect the idiosyncratic outliers.
| ^
Flavors: r-devel-linux-x86_64-debian-clang, r-devel-linux-x86_64-debian-gcc, r-devel-linux-x86_64-fedora-clang, r-devel-linux-x86_64-fedora-gcc, r-devel-windows-x86_64, r-patched-linux-x86_64, r-release-linux-x86_64, r-release-macos-arm64, r-release-macos-x86_64, r-release-windows-x86_64, r-oldrel-macos-arm64, r-oldrel-macos-x86_64, r-oldrel-windows-x86_64
Version: 0.0.4
Check: examples
Result: NOTE
Examples with CPU (user + system) or elapsed time > 5s
user system elapsed
outliers.hdts 6.131 0.162 8.347
GCCmatrix 5.377 0.112 7.716
silh.clus 5.299 0.099 7.840
dfmpc 4.734 0.124 6.468
sarimaSpec 4.233 0.033 6.125
edqts 3.574 0.079 5.108
Flavor: r-devel-linux-x86_64-debian-clang
Version: 0.0.4
Check: examples
Result: NOTE
Examples with CPU (user + system) or elapsed time > 5s
user system elapsed
GCCmatrix 3.583 0.033 5.397
sarimaSpec 3.252 0.142 5.252
Flavor: r-devel-linux-x86_64-debian-gcc
Version: 0.0.4
Check: installed package size
Result: NOTE
installed size is 5.6Mb
sub-directories of 1Mb or more:
data 5.1Mb
Flavors: r-oldrel-macos-arm64, r-oldrel-macos-x86_64, r-oldrel-windows-x86_64