Last updated on 2025-02-05 12:48:45 CET.
Flavor | Version | Tinstall | Tcheck | Ttotal | Status | Flags |
---|---|---|---|---|---|---|
r-devel-linux-x86_64-debian-clang | 1.1.0 | 2.59 | 24.27 | 26.86 | OK | |
r-devel-linux-x86_64-debian-gcc | 1.1.0 | 1.78 | 18.57 | 20.35 | OK | |
r-devel-linux-x86_64-fedora-clang | 1.1.0 | 44.06 | NOTE | |||
r-devel-linux-x86_64-fedora-gcc | 1.1.0 | 40.18 | NOTE | |||
r-devel-windows-x86_64 | 1.1.0 | 4.00 | 45.00 | 49.00 | OK | |
r-patched-linux-x86_64 | 1.1.0 | 2.20 | 22.87 | 25.07 | OK | |
r-release-linux-x86_64 | 1.1.0 | 2.49 | 22.96 | 25.45 | OK | |
r-release-macos-arm64 | 1.1.0 | 17.00 | OK | |||
r-release-macos-x86_64 | 1.1.0 | 29.00 | OK | |||
r-release-windows-x86_64 | 1.1.0 | 4.00 | 44.00 | 48.00 | OK | |
r-oldrel-macos-arm64 | 1.1.0 | 19.00 | OK | |||
r-oldrel-macos-x86_64 | 1.1.0 | 24.00 | OK | |||
r-oldrel-windows-x86_64 | 1.1.0 | 5.00 | 48.00 | 53.00 | OK |
Version: 1.1.0
Check: dependencies in R code
Result: NOTE
Namespaces in Imports field not imported from:
‘dplyr’ ‘magrittr’ ‘psych’ ‘stringr’
All declared Imports should be used.
Flavors: r-devel-linux-x86_64-fedora-clang, r-devel-linux-x86_64-fedora-gcc