CRAN Package Check Results for Package SIRE

Last updated on 2021-05-09 12:49:52 CEST.

Flavor Version Tinstall Tcheck Ttotal Status Flags
r-devel-linux-x86_64-debian-clang 1.1.0 2.66 29.90 32.56 OK
r-devel-linux-x86_64-debian-gcc 1.1.0 1.96 23.11 25.07 OK
r-devel-linux-x86_64-fedora-clang 1.1.0 49.73 NOTE
r-devel-linux-x86_64-fedora-gcc 1.1.0 40.34 NOTE
r-devel-windows-ix86+x86_64 1.1.0 8.00 38.00 46.00 OK
r-devel-windows-x86_64-gcc10-UCRT 1.1.0 NOTE
r-patched-linux-x86_64 1.1.0 3.01 29.12 32.13 OK
r-patched-solaris-x86 1.1.0 61.90 NOTE
r-release-linux-x86_64 1.1.0 2.51 29.19 31.70 OK
r-release-macos-x86_64 1.1.0 NOTE
r-release-windows-ix86+x86_64 1.1.0 6.00 37.00 43.00 OK
r-oldrel-macos-x86_64 1.1.0 NOTE
r-oldrel-windows-ix86+x86_64 1.1.0 5.00 43.00 48.00 OK

Check Details

Version: 1.1.0
Check: dependencies in R code
Result: NOTE
    Namespaces in Imports field not imported from:
     ‘dplyr’ ‘magrittr’ ‘psych’ ‘stringr’
     All declared Imports should be used.
Flavors: r-devel-linux-x86_64-fedora-clang, r-devel-linux-x86_64-fedora-gcc, r-devel-windows-x86_64-gcc10-UCRT, r-patched-solaris-x86, r-release-macos-x86_64, r-oldrel-macos-x86_64