Last updated on 2024-04-28 11:55:20 CEST.
Flavor | Version | Tinstall | Tcheck | Ttotal | Status | Flags |
---|---|---|---|---|---|---|
r-devel-linux-x86_64-debian-clang | 0.1.1 | 20.46 | 158.83 | 179.29 | OK | |
r-devel-linux-x86_64-debian-gcc | 0.1.1 | 19.15 | 115.63 | 134.78 | OK | |
r-devel-linux-x86_64-fedora-clang | 0.1.1 | 176.64 | NOTE | |||
r-devel-linux-x86_64-fedora-gcc | 0.1.1 | 206.88 | OK | |||
r-devel-windows-x86_64 | 0.1.1 | 20.00 | 118.00 | 138.00 | OK | |
r-patched-linux-x86_64 | 0.1.1 | 16.17 | 149.76 | 165.93 | OK | |
r-release-linux-x86_64 | 0.1.0 | 21.83 | 150.14 | 171.97 | OK | |
r-release-macos-arm64 | 0.1.1 | 60.00 | OK | |||
r-release-macos-x86_64 | 0.1.1 | 176.00 | OK | |||
r-release-windows-x86_64 | 0.1.1 | 19.00 | 121.00 | 140.00 | OK | |
r-oldrel-macos-arm64 | 0.1.1 | 70.00 | OK | |||
r-oldrel-macos-x86_64 | 0.1.1 | 169.00 | OK | |||
r-oldrel-windows-x86_64 | 0.1.1 | 18.00 | 150.00 | 168.00 | OK |
Version: 0.1.1
Check: package dependencies
Result: NOTE
Imports includes 22 non-default packages.
Importing from so many packages makes the package vulnerable to any of
them becoming unavailable. Move as many as possible to Suggests and
use conditionally.
Flavor: r-devel-linux-x86_64-fedora-clang