CRAN Package Check Results for Package SEERaBomb

Last updated on 2020-06-07 06:46:58 CEST.

Flavor Version Tinstall Tcheck Ttotal Status Flags
r-devel-linux-x86_64-debian-clang 2019.2 37.25 157.33 194.58 OK
r-devel-linux-x86_64-debian-gcc 2019.2 30.25 122.40 152.65 OK
r-devel-linux-x86_64-fedora-clang 2019.2 249.91 OK
r-devel-linux-x86_64-fedora-gcc 2019.2 245.68 OK
r-devel-windows-ix86+x86_64 2019.2 134.00 344.00 478.00 OK
r-patched-linux-x86_64 2019.2 33.04 153.59 186.63 OK
r-patched-solaris-x86 2019.2 344.60 OK
r-release-linux-x86_64 2019.2 27.33 153.33 180.66 OK
r-release-osx-x86_64 2019.2 OK
r-release-windows-ix86+x86_64 2019.2 119.00 333.00 452.00 OK
r-oldrel-osx-x86_64 2019.2 WARN
r-oldrel-windows-ix86+x86_64 2019.2 111.00 345.00 456.00 OK

Check Details

Version: 2019.2
Check: whether package can be installed
Result: WARN
    Found the following significant warnings:
     Warning: 'rgl_init' failed, running with rgl.useNULL = TRUE
Flavor: r-oldrel-osx-x86_64

Version: 2019.2
Check: dependencies in R code
Result: NOTE
    No protocol specified
Flavor: r-oldrel-osx-x86_64

Version: 2019.2
Check: S3 generic/method consistency
Result: WARN
    No protocol specified
    See section ‘Generic functions and methods’ in the ‘Writing R
    Extensions’ manual.
Flavor: r-oldrel-osx-x86_64

Version: 2019.2
Check: replacement functions
Result: WARN
    No protocol specified
    The argument of a replacement function which corresponds to the right
    hand side must be named ‘value’.
Flavor: r-oldrel-osx-x86_64

Version: 2019.2
Check: foreign function calls
Result: NOTE
    No protocol specified
    See chapter ‘System and foreign language interfaces’ in the ‘Writing R
    Extensions’ manual.
Flavor: r-oldrel-osx-x86_64

Version: 2019.2
Check: R code for possible problems
Result: NOTE
    No protocol specified
Flavor: r-oldrel-osx-x86_64

Version: 2019.2
Check: for missing documentation entries
Result: WARN
    No protocol specified
    All user-level objects in a package should have documentation entries.
    See chapter ‘Writing R documentation files’ in the ‘Writing R
    Extensions’ manual.
Flavor: r-oldrel-osx-x86_64

Version: 2019.2
Check: for code/documentation mismatches
Result: WARN
    No protocol specified
    No protocol specified
    No protocol specified
Flavor: r-oldrel-osx-x86_64

Version: 2019.2
Check: Rd \usage sections
Result: NOTE
    No protocol specified
    The \usage entries for S3 methods should use the \method markup and not
    their full name.
    See chapter ‘Writing R documentation files’ in the ‘Writing R
    Extensions’ manual.
Flavor: r-oldrel-osx-x86_64