Last updated on 2023-04-02 06:50:43 CEST.
Flavor | Version | Tinstall | Tcheck | Ttotal | Status | Flags |
---|---|---|---|---|---|---|
r-devel-linux-x86_64-debian-clang | 2.0.1 | 299.06 | 942.14 | 1241.20 | OK | |
r-devel-linux-x86_64-debian-gcc | 2.0.1 | 239.61 | 650.58 | 890.19 | OK | |
r-devel-linux-x86_64-fedora-clang | 2.0.1 | 1500.66 | NOTE | |||
r-devel-linux-x86_64-fedora-gcc | 2.0.1 | 1567.68 | OK | |||
r-devel-windows-x86_64 | 2.0.1 | 369.00 | 706.00 | 1075.00 | NOTE | |
r-patched-linux-x86_64 | 2.0.1 | 262.86 | 890.37 | 1153.23 | OK | |
r-release-linux-x86_64 | 2.0.1 | 261.75 | 877.82 | 1139.57 | OK | |
r-release-macos-arm64 | 2.0.1 | 294.00 | NOTE | |||
r-release-macos-x86_64 | 2.0.1 | 489.00 | NOTE | |||
r-release-windows-x86_64 | 2.0.1 | 222.00 | 760.00 | 982.00 | NOTE | |
r-oldrel-macos-arm64 | 2.0.1 | 232.00 | NOTE | |||
r-oldrel-macos-x86_64 | 2.0.1 | 345.00 | NOTE | |||
r-oldrel-windows-ix86+x86_64 | 2.0.1 | 432.00 | 774.00 | 1206.00 | NOTE |
Version: 2.0.1
Check: installed package size
Result: NOTE
installed size is 8.8Mb
sub-directories of 1Mb or more:
R 8.1Mb
Flavors: r-devel-linux-x86_64-fedora-clang, r-devel-windows-x86_64, r-release-macos-arm64, r-release-macos-x86_64, r-release-windows-x86_64, r-oldrel-macos-arm64, r-oldrel-macos-x86_64, r-oldrel-windows-ix86+x86_64