CRAN Package Check Results for Package SDraw

Last updated on 2020-06-07 06:46:58 CEST.

Flavor Version Tinstall Tcheck Ttotal Status Flags
r-devel-linux-x86_64-debian-clang 2.1.11 17.41 263.46 280.87 OK
r-devel-linux-x86_64-debian-gcc 2.1.11 14.35 192.00 206.35 OK
r-devel-linux-x86_64-fedora-clang 2.1.11 326.74 NOTE
r-devel-linux-x86_64-fedora-gcc 2.1.11 336.14 NOTE
r-devel-windows-ix86+x86_64 2.1.11 57.00 413.00 470.00 OK
r-patched-linux-x86_64 2.1.11 15.69 199.82 215.51 OK
r-patched-solaris-x86 2.1.11 1227.70 NOTE
r-release-linux-x86_64 2.1.11 14.84 256.66 271.50 OK
r-release-osx-x86_64 2.1.11 WARN
r-release-windows-ix86+x86_64 2.1.11 61.00 392.00 453.00 OK
r-oldrel-osx-x86_64 2.1.11 NOTE
r-oldrel-windows-ix86+x86_64 2.1.11 42.00 262.00 304.00 OK

Check Details

Version: 2.1.11
Check: dependencies in R code
Result: NOTE
    Namespace in Imports field not imported from: ‘covr’
     All declared Imports should be used.
Flavors: r-devel-linux-x86_64-fedora-clang, r-devel-linux-x86_64-fedora-gcc, r-patched-solaris-x86, r-release-osx-x86_64, r-oldrel-osx-x86_64

Version: 2.1.11
Check: re-building of vignette outputs
Result: WARN
    Error(s) in re-building vignettes:
    --- re-building ‘BASPoints.Rmd’ using rmarkdown
    dyld: lazy symbol binding failed: Symbol not found: ____chkstk_darwin
     Referenced from: /usr/local/bin/pandoc (which was built for Mac OS X 10.15)
     Expected in: /usr/lib/libSystem.B.dylib
    
    dyld: Symbol not found: ____chkstk_darwin
     Referenced from: /usr/local/bin/pandoc (which was built for Mac OS X 10.15)
     Expected in: /usr/lib/libSystem.B.dylib
    
    Error: processing vignette 'BASPoints.Rmd' failed with diagnostics:
    pandoc document conversion failed with error 6
    --- failed re-building ‘BASPoints.Rmd’
    
    --- re-building ‘HIPPoints.Rmd’ using rmarkdown
    dyld: lazy symbol binding failed: Symbol not found: ____chkstk_darwin
     Referenced from: /usr/local/bin/pandoc (which was built for Mac OS X 10.15)
     Expected in: /usr/lib/libSystem.B.dylib
    
    dyld: Symbol not found: ____chkstk_darwin
     Referenced from: /usr/local/bin/pandoc (which was built for Mac OS X 10.15)
     Expected in: /usr/lib/libSystem.B.dylib
    
    Error: processing vignette 'HIPPoints.Rmd' failed with diagnostics:
    pandoc document conversion failed with error 6
    --- failed re-building ‘HIPPoints.Rmd’
    
    --- re-building ‘HIPPolygons.Rmd’ using rmarkdown
    dyld: lazy symbol binding failed: Symbol not found: ____chkstk_darwin
     Referenced from: /usr/local/bin/pandoc (which was built for Mac OS X 10.15)
     Expected in: /usr/lib/libSystem.B.dylib
    
    dyld: Symbol not found: ____chkstk_darwin
     Referenced from: /usr/local/bin/pandoc (which was built for Mac OS X 10.15)
     Expected in: /usr/lib/libSystem.B.dylib
    
    Error: processing vignette 'HIPPolygons.Rmd' failed with diagnostics:
    pandoc document conversion failed with error 6
    --- failed re-building ‘HIPPolygons.Rmd’
    
    SUMMARY: processing the following files failed:
     ‘BASPoints.Rmd’ ‘HIPPoints.Rmd’ ‘HIPPolygons.Rmd’
    
    Error: Vignette re-building failed.
    Execution halted
Flavor: r-release-osx-x86_64