CRAN Package Check Results for Package SDMtune

Last updated on 2020-05-28 12:48:50 CEST.

Flavor Version Tinstall Tcheck Ttotal Status Flags
r-devel-linux-x86_64-debian-clang 1.1.0 59.67 183.43 243.10 OK
r-devel-linux-x86_64-debian-gcc 1.1.0 46.47 139.91 186.38 OK
r-devel-linux-x86_64-fedora-clang 1.1.0 306.43 OK
r-devel-linux-x86_64-fedora-gcc 1.1.0 293.93 OK
r-devel-windows-ix86+x86_64 1.1.0 131.00 406.00 537.00 NOTE
r-patched-linux-x86_64 1.1.0 50.03 178.29 228.32 OK
r-patched-solaris-x86 1.1.0 407.10 OK
r-release-linux-x86_64 1.1.0 52.04 179.67 231.71 OK
r-release-osx-x86_64 1.1.0 OK
r-release-windows-ix86+x86_64 1.1.0 99.00 309.00 408.00 NOTE
r-oldrel-osx-x86_64 1.1.0 OK
r-oldrel-windows-ix86+x86_64 1.1.0 89.00 283.00 372.00 OK

Check Details

Version: 1.1.0
Check: installed package size
Result: NOTE
     installed size is 5.0Mb
     sub-directories of 1Mb or more:
     R 1.5Mb
     libs 2.0Mb
Flavors: r-devel-windows-ix86+x86_64, r-release-windows-ix86+x86_64