Last updated on 2025-02-22 12:50:49 CET.
Flavor | Version | Tinstall | Tcheck | Ttotal | Status | Flags |
---|---|---|---|---|---|---|
r-devel-linux-x86_64-debian-clang | 0.7.22 | 6.48 | 66.20 | 72.68 | NOTE | |
r-devel-linux-x86_64-debian-gcc | 0.7.22 | 5.79 | 45.06 | 50.85 | NOTE | |
r-devel-linux-x86_64-fedora-clang | 0.7.22 | 133.19 | NOTE | |||
r-devel-linux-x86_64-fedora-gcc | 0.7.22 | 163.08 | NOTE | |||
r-devel-macos-arm64 | 0.7.22 | 48.00 | NOTE | |||
r-devel-macos-x86_64 | 0.7.22 | 99.00 | NOTE | |||
r-devel-windows-x86_64 | 0.7.22 | 12.00 | 99.00 | 111.00 | NOTE | |
r-patched-linux-x86_64 | 0.7.22 | 9.32 | 61.72 | 71.04 | NOTE | |
r-release-linux-x86_64 | 0.7.22 | 7.92 | 61.98 | 69.90 | NOTE | |
r-release-macos-arm64 | 0.7.22 | 50.00 | NOTE | |||
r-release-macos-x86_64 | 0.7.22 | 70.00 | NOTE | |||
r-release-windows-x86_64 | 0.7.22 | 11.00 | 91.00 | 102.00 | NOTE | |
r-oldrel-macos-arm64 | 0.7.22 | 48.00 | NOTE | |||
r-oldrel-macos-x86_64 | 0.7.22 | 76.00 | NOTE | |||
r-oldrel-windows-x86_64 | 0.7.22 | 14.00 | 103.00 | 117.00 | NOTE |
Version: 0.7.22
Check: package subdirectories
Result: NOTE
Problems with news in ‘NEWS.md’:
No news entries found.
Flavors: r-devel-linux-x86_64-debian-clang, r-devel-linux-x86_64-debian-gcc, r-devel-linux-x86_64-fedora-clang, r-devel-linux-x86_64-fedora-gcc, r-devel-macos-arm64, r-devel-macos-x86_64, r-devel-windows-x86_64, r-patched-linux-x86_64, r-release-linux-x86_64, r-release-macos-arm64, r-release-macos-x86_64, r-release-windows-x86_64, r-oldrel-macos-arm64, r-oldrel-macos-x86_64, r-oldrel-windows-x86_64