CRAN Package Check Results for Package SDAR

Last updated on 2024-06-12 21:50:02 CEST.

Flavor Version Tinstall Tcheck Ttotal Status Flags
r-devel-linux-x86_64-debian-clang 0.9-55 12.78 76.67 89.45 OK
r-devel-linux-x86_64-debian-gcc 0.9-55 0.68 1.77 2.45 ERROR
r-devel-linux-x86_64-fedora-clang 0.9-55 114.99 NOTE
r-devel-linux-x86_64-fedora-gcc 0.9-55 116.67 NOTE
r-devel-windows-x86_64 0.9-55 11.00 73.00 84.00 OK
r-patched-linux-x86_64 0.9-55 12.80 74.79 87.59 OK
r-release-linux-x86_64 0.9-55 11.22 75.42 86.64 OK
r-release-macos-arm64 0.9-55 39.00 OK
r-release-macos-x86_64 0.9-55 59.00 OK
r-release-windows-x86_64 0.9-55 10.00 74.00 84.00 OK
r-oldrel-macos-arm64 0.9-55 42.00 OK
r-oldrel-macos-x86_64 0.9-55 63.00 OK
r-oldrel-windows-x86_64 0.9-55 13.00 83.00 96.00 OK

Check Details

Version: 0.9-55
Check: package dependencies
Result: ERROR Package required but not available: ‘readxl’ See section ‘The DESCRIPTION file’ in the ‘Writing R Extensions’ manual. Flavor: r-devel-linux-x86_64-debian-gcc

Version: 0.9-55
Check: data for non-ASCII characters
Result: NOTE Note: found 2 marked UTF-8 strings Flavors: r-devel-linux-x86_64-fedora-clang, r-devel-linux-x86_64-fedora-gcc