CRAN Package Check Results for Package SCtools

Last updated on 2020-08-12 21:49:55 CEST.

Flavor Version Tinstall Tcheck Ttotal Status Flags
r-devel-linux-x86_64-debian-clang 0.3.0 4.21 46.93 51.14 WARN
r-devel-linux-x86_64-debian-gcc 0.3.0 3.04 39.94 42.98 OK
r-devel-linux-x86_64-fedora-clang 0.3.0 74.30 NOTE
r-devel-linux-x86_64-fedora-gcc 0.3.0 64.37 NOTE
r-devel-windows-ix86+x86_64 0.3.0 11.00 95.00 106.00 OK
r-patched-linux-x86_64 0.3.0 3.98 50.46 54.44 OK
r-patched-solaris-x86 0.3.0 96.70 NOTE
r-release-linux-x86_64 0.3.0 3.86 46.35 50.21 WARN
r-release-macos-x86_64 0.3.0 NOTE
r-release-windows-ix86+x86_64 0.3.0 14.00 97.00 111.00 OK
r-oldrel-macos-x86_64 0.3.0 NOTE
r-oldrel-windows-ix86+x86_64 0.3.0 8.00 67.00 75.00 OK

Check Details

Version: 0.3.0
Check: package dependencies
Result: NOTE
    Package suggested but not available for checking: 'tidyr'
Flavors: r-devel-linux-x86_64-debian-clang, r-release-linux-x86_64

Version: 0.3.0
Check: re-building of vignette outputs
Result: WARN
    Error(s) in re-building vignettes:
     ...
    --- re-building 'case-study.Rmd' using rmarkdown
    Quitting from lines 53-60 (case-study.Rmd)
    Error: processing vignette 'case-study.Rmd' failed with diagnostics:
    there is no package called 'tidyr'
    --- failed re-building 'case-study.Rmd'
    
    --- re-building 'replicating-basque.Rmd' using rmarkdown
    --- finished re-building 'replicating-basque.Rmd'
    
    SUMMARY: processing the following file failed:
     'case-study.Rmd'
    
    Error: Vignette re-building failed.
    Execution halted
Flavors: r-devel-linux-x86_64-debian-clang, r-release-linux-x86_64

Version: 0.3.0
Check: data for non-ASCII characters
Result: NOTE
     Note: found 27 marked UTF-8 strings
Flavors: r-devel-linux-x86_64-fedora-clang, r-devel-linux-x86_64-fedora-gcc, r-patched-solaris-x86, r-release-macos-x86_64, r-oldrel-macos-x86_64