CRAN Package Check Results for Package SCORPION

Last updated on 2024-07-21 06:52:31 CEST.

Flavor Version Tinstall Tcheck Ttotal Status Flags
r-devel-linux-x86_64-debian-clang 1.0.2 10.71 82.01 92.72 OK
r-devel-linux-x86_64-debian-gcc 1.0.2 7.36 61.47 68.83 OK
r-devel-linux-x86_64-fedora-clang 1.0.2 110.41 NOTE
r-devel-linux-x86_64-fedora-gcc 1.0.2 119.56 NOTE
r-devel-windows-x86_64 1.0.2 10.00 74.00 84.00 OK
r-patched-linux-x86_64 1.0.2 9.53 77.33 86.86 OK
r-release-linux-x86_64 1.0.2 7.46 79.71 87.17 OK
r-release-macos-arm64 1.0.2 36.00 OK
r-release-macos-x86_64 1.0.2 82.00 OK
r-release-windows-x86_64 1.0.2 9.00 76.00 85.00 OK
r-oldrel-macos-arm64 1.0.2 44.00 OK
r-oldrel-macos-x86_64 1.0.2 86.00 OK
r-oldrel-windows-x86_64 1.0.2 11.00 89.00 100.00 OK

Check Details

Version: 1.0.2
Check: dependencies in R code
Result: NOTE Namespace in Imports field not imported from: ‘RhpcBLASctl’ All declared Imports should be used. Flavors: r-devel-linux-x86_64-fedora-clang, r-devel-linux-x86_64-fedora-gcc