CRAN Package Check Results for Package SCORPION

Last updated on 2023-09-23 21:52:56 CEST.

Flavor Version Tinstall Tcheck Ttotal Status Flags
r-devel-linux-x86_64-debian-clang 1.0.1 10.63 86.75 97.38 OK
r-devel-linux-x86_64-debian-gcc 1.0.1 8.11 72.09 80.20 OK
r-devel-linux-x86_64-fedora-clang 1.0.1 115.26 NOTE
r-devel-linux-x86_64-fedora-gcc 1.0.1 123.33 NOTE
r-devel-windows-x86_64 1.0.1 10.00 79.00 89.00 OK
r-patched-linux-x86_64 1.0.1 6.58 82.38 88.96 OK
r-release-linux-x86_64 1.0.1 9.46 82.09 91.55 OK
r-release-macos-arm64 1.0.1 37.00 OK
r-release-macos-x86_64 1.0.1 58.00 OK
r-release-windows-x86_64 1.0.1 12.00 88.00 100.00 OK
r-oldrel-macos-arm64 1.0.1 35.00 NOTE
r-oldrel-macos-x86_64 1.0.1 50.00 NOTE
r-oldrel-windows-x86_64 1.0.1 11.00 95.00 106.00 OK

Check Details

Version: 1.0.1
Check: dependencies in R code
Result: NOTE
    Namespace in Imports field not imported from: ‘RhpcBLASctl’
     All declared Imports should be used.
Flavors: r-devel-linux-x86_64-fedora-clang, r-devel-linux-x86_64-fedora-gcc, r-oldrel-macos-arm64, r-oldrel-macos-x86_64