CRAN Package Check Results for Package SCEPtERbinary

Last updated on 2022-05-19 21:50:34 CEST.

Flavor Version Tinstall Tcheck Ttotal Status Flags
r-devel-linux-x86_64-debian-clang 0.1-1 3.22 34.73 37.95 OK
r-devel-linux-x86_64-debian-gcc 0.1-1 2.74 27.38 30.12 OK
r-devel-linux-x86_64-fedora-clang 0.1-1 46.23 NOTE
r-devel-linux-x86_64-fedora-gcc 0.1-1 46.97 NOTE
r-devel-windows-x86_64 0.1-1 19.00 51.00 70.00 OK
r-patched-linux-x86_64 0.1-1 3.36 34.50 37.86 OK
r-release-linux-x86_64 0.1-1 2.61 34.51 37.12 OK
r-release-macos-arm64 0.1-1 19.00 OK
r-release-macos-x86_64 0.1-1 25.00 OK
r-release-windows-x86_64 0.1-1 21.00 52.00 73.00 OK
r-oldrel-macos-arm64 0.1-1 26.00 OK
r-oldrel-macos-x86_64 0.1-1 30.00 OK
r-oldrel-windows-ix86+x86_64 0.1-1 9.00 55.00 64.00 OK

Check Details

Version: 0.1-1
Check: compiled code
Result: NOTE
    File ‘SCEPtERbinary/libs/SCEPtERbinary.so’:
     Found no calls to: ‘R_registerRoutines’, ‘R_useDynamicSymbols’
    
    It is good practice to register native routines and to disable symbol
    search.
    
    See ‘Writing portable packages’ in the ‘Writing R Extensions’ manual.
Flavors: r-devel-linux-x86_64-fedora-clang, r-devel-linux-x86_64-fedora-gcc