Last updated on 2025-02-01 12:48:38 CET.
Flavor | Version | Tinstall | Tcheck | Ttotal | Status | Flags |
---|---|---|---|---|---|---|
r-devel-linux-x86_64-debian-clang | 0.4.1 | 7.28 | 188.88 | 196.16 | NOTE | |
r-devel-linux-x86_64-debian-gcc | 0.4.1 | 4.37 | 133.58 | 137.95 | NOTE | |
r-devel-linux-x86_64-fedora-clang | 0.4.1 | 332.88 | NOTE | |||
r-devel-linux-x86_64-fedora-gcc | 0.4.1 | 297.16 | NOTE | |||
r-devel-windows-x86_64 | 0.4.1 | 9.00 | 181.00 | 190.00 | NOTE | |
r-patched-linux-x86_64 | 0.4.1 | 7.41 | 179.50 | 186.91 | OK | |
r-release-linux-x86_64 | 0.4.1 | 6.49 | 178.20 | 184.69 | OK | |
r-release-macos-arm64 | 0.4.1 | 89.00 | OK | |||
r-release-macos-x86_64 | 0.4.1 | 177.00 | OK | |||
r-release-windows-x86_64 | 0.4.1 | 8.00 | 181.00 | 189.00 | OK | |
r-oldrel-macos-arm64 | 0.4.1 | 81.00 | OK | |||
r-oldrel-macos-x86_64 | 0.4.1 | 155.00 | OK | |||
r-oldrel-windows-x86_64 | 0.4.1 | 9.00 | 239.00 | 248.00 | OK |
Version: 0.4.1
Check: DESCRIPTION meta-information
Result: NOTE
Missing dependency on R >= 4.2.0 because package code uses the pipe
placeholder syntax added in R 4.2.0.
File(s) using such syntax:
‘Logger.R’ ‘digest_to_checksum.R’
Flavors: r-devel-linux-x86_64-debian-clang, r-devel-linux-x86_64-debian-gcc, r-devel-linux-x86_64-fedora-clang, r-devel-linux-x86_64-fedora-gcc, r-devel-windows-x86_64