Last updated on 2025-02-22 21:51:36 CET.
Flavor | Version | Tinstall | Tcheck | Ttotal | Status | Flags |
---|---|---|---|---|---|---|
r-devel-linux-x86_64-debian-clang | 1.1 | 38.09 | 112.50 | 150.59 | NOTE | |
r-devel-linux-x86_64-debian-gcc | 1.1 | 28.58 | 81.30 | 109.88 | NOTE | |
r-devel-linux-x86_64-fedora-clang | 1.1 | 268.57 | NOTE | |||
r-devel-linux-x86_64-fedora-gcc | 1.1 | 277.69 | NOTE | |||
r-devel-macos-arm64 | 1.1 | 78.00 | NOTE | |||
r-devel-macos-x86_64 | 1.1 | 166.00 | NOTE | |||
r-devel-windows-x86_64 | 1.1 | 39.00 | 144.00 | 183.00 | NOTE | |
r-patched-linux-x86_64 | 1.1 | 48.33 | 103.20 | 151.53 | NOTE | |
r-release-linux-x86_64 | 1.1 | 38.60 | 103.05 | 141.65 | NOTE | |
r-release-macos-arm64 | 1.1 | 81.00 | NOTE | |||
r-release-macos-x86_64 | 1.1 | 117.00 | NOTE | |||
r-release-windows-x86_64 | 1.1 | 42.00 | 141.00 | 183.00 | NOTE | |
r-oldrel-macos-arm64 | 1.1 | 5.00 | ERROR | |||
r-oldrel-macos-x86_64 | 1.1 | 142.00 | NOTE | |||
r-oldrel-windows-x86_64 | 1.1 | 51.00 | 182.00 | 233.00 | NOTE |
Version: 1.1
Check: C++ specification
Result: NOTE
Specified C++11: please drop specification unless essential
Flavors: r-devel-linux-x86_64-debian-clang, r-devel-linux-x86_64-debian-gcc, r-devel-linux-x86_64-fedora-clang, r-devel-linux-x86_64-fedora-gcc, r-devel-macos-arm64, r-devel-macos-x86_64, r-devel-windows-x86_64, r-patched-linux-x86_64, r-release-linux-x86_64, r-release-macos-arm64, r-release-macos-x86_64, r-release-windows-x86_64, r-oldrel-macos-x86_64, r-oldrel-windows-x86_64
Version: 1.1
Check: Rd cross-references
Result: NOTE
Found the following Rd file(s) with Rd \link{} targets missing package
anchors:
spatialPreprocess.Rd: BiocSingularParam-class
Please provide package anchors for all Rd \link{} targets not in the
package itself and the base packages.
Flavors: r-devel-linux-x86_64-debian-clang, r-devel-linux-x86_64-debian-gcc, r-devel-windows-x86_64
Version: 1.1
Check: package dependencies
Result: ERROR
Package required but not available: ‘scran’
See section ‘The DESCRIPTION file’ in the ‘Writing R Extensions’
manual.
Flavor: r-oldrel-macos-arm64