Last updated on 2023-09-23 05:58:09 CEST.
Flavor | Version | Tinstall | Tcheck | Ttotal | Status | Flags |
---|---|---|---|---|---|---|
r-devel-linux-x86_64-debian-clang | 1.1 | 48.49 | 140.80 | 189.29 | NOTE | |
r-devel-linux-x86_64-debian-gcc | 1.1 | 45.91 | 119.84 | 165.75 | NOTE | |
r-devel-linux-x86_64-fedora-clang | 1.1 | 251.20 | NOTE | |||
r-devel-linux-x86_64-fedora-gcc | 1.1 | 275.87 | NOTE | |||
r-devel-windows-x86_64 | 1.1 | 44.00 | 146.00 | 190.00 | NOTE | |
r-patched-linux-x86_64 | 1.1 | 49.67 | 132.63 | 182.30 | NOTE | |
r-release-linux-x86_64 | 1.1 | 39.11 | 135.26 | 174.37 | NOTE | |
r-release-macos-arm64 | 1.1 | 5.00 | ERROR | |||
r-release-macos-x86_64 | 1.1 | 142.00 | NOTE | |||
r-release-windows-x86_64 | 1.1 | 60.00 | 181.00 | 241.00 | NOTE | |
r-oldrel-macos-arm64 | 1.1 | 8.00 | ERROR | |||
r-oldrel-macos-x86_64 | 1.1 | 131.00 | NOTE | |||
r-oldrel-windows-x86_64 | 1.1 | 57.00 | 172.00 | 229.00 | OK |
Version: 1.1
Check: C++ specification
Result: NOTE
Specified C++11: please drop specification unless essential
Flavors: r-devel-linux-x86_64-debian-clang, r-devel-linux-x86_64-debian-gcc, r-devel-linux-x86_64-fedora-clang, r-devel-linux-x86_64-fedora-gcc, r-devel-windows-x86_64, r-patched-linux-x86_64, r-release-linux-x86_64, r-release-macos-x86_64, r-release-windows-x86_64
Version: 1.1
Check: package dependencies
Result: ERROR
Package required but not available: ‘scran’
See section ‘The DESCRIPTION file’ in the ‘Writing R Extensions’
manual.
Flavors: r-release-macos-arm64, r-oldrel-macos-arm64
Version: 1.1
Check: dependencies in R code
Result: NOTE
Namespace in Imports field not imported from: ‘BiocSingular’
All declared Imports should be used.
Flavor: r-oldrel-macos-x86_64