Last updated on 2024-03-28 12:50:47 CET.
Flavor | Version | Tinstall | Tcheck | Ttotal | Status | Flags |
---|---|---|---|---|---|---|
r-devel-linux-x86_64-debian-clang | 1.1 | 49.01 | 139.59 | 188.60 | NOTE | |
r-devel-linux-x86_64-debian-gcc | 1.1 | 42.43 | 104.91 | 147.34 | NOTE | |
r-devel-linux-x86_64-fedora-clang | 1.1 | 275.81 | NOTE | |||
r-devel-linux-x86_64-fedora-gcc | 1.1 | 272.59 | NOTE | |||
r-devel-windows-x86_64 | 1.1 | 45.00 | 139.00 | 184.00 | NOTE | |
r-patched-linux-x86_64 | 1.1 | 48.56 | 130.99 | 179.55 | NOTE | |
r-release-linux-x86_64 | 1.1 | 39.40 | 136.47 | 175.87 | NOTE | |
r-release-macos-arm64 | 1.1 | 5.00 | ERROR | |||
r-release-macos-x86_64 | 1.1 | 142.00 | NOTE | |||
r-release-windows-x86_64 | 1.1 | 57.00 | 179.00 | 236.00 | NOTE | |
r-oldrel-macos-arm64 | 1.1 | 11.00 | ERROR | |||
r-oldrel-windows-x86_64 | 1.1 | 56.00 | 175.00 | 231.00 | OK |
Version: 1.1
Check: C++ specification
Result: NOTE
Specified C++11: please drop specification unless essential
Flavors: r-devel-linux-x86_64-debian-clang, r-devel-linux-x86_64-debian-gcc, r-devel-linux-x86_64-fedora-clang, r-devel-linux-x86_64-fedora-gcc, r-devel-windows-x86_64, r-patched-linux-x86_64, r-release-linux-x86_64, r-release-macos-x86_64, r-release-windows-x86_64
Version: 1.1
Check: package dependencies
Result: ERROR
Package required but not available: ‘scran’
See section ‘The DESCRIPTION file’ in the ‘Writing R Extensions’
manual.
Flavors: r-release-macos-arm64, r-oldrel-macos-arm64