Last updated on 2023-04-01 11:51:40 CEST.
Flavor | Version | Tinstall | Tcheck | Ttotal | Status | Flags |
---|---|---|---|---|---|---|
r-devel-linux-x86_64-debian-clang | 1.1.1 | 8.06 | 134.93 | 142.99 | NOTE | |
r-devel-linux-x86_64-debian-gcc | 1.1.1 | 6.27 | 99.38 | 105.65 | NOTE | |
r-devel-linux-x86_64-fedora-clang | 1.1.1 | 176.37 | NOTE | |||
r-devel-linux-x86_64-fedora-gcc | 1.1.1 | 200.77 | NOTE | |||
r-devel-windows-x86_64 | 1.1.1 | 17.00 | 178.00 | 195.00 | NOTE | |
r-patched-linux-x86_64 | 1.1.1 | 9.16 | 127.60 | 136.76 | NOTE | |
r-release-linux-x86_64 | 1.1.1 | 8.34 | 125.44 | 133.78 | OK | |
r-release-macos-arm64 | 1.1.1 | 58.00 | OK | |||
r-release-macos-x86_64 | 1.1.1 | 98.00 | OK | |||
r-release-windows-x86_64 | 1.1.1 | 123.00 | 175.00 | 298.00 | OK | |
r-oldrel-macos-arm64 | 1.1.1 | 79.00 | OK | |||
r-oldrel-macos-x86_64 | 1.1.1 | 84.00 | OK | |||
r-oldrel-windows-ix86+x86_64 | 1.1.1 | 20.00 | 158.00 | 178.00 | OK |
Version: 1.1.1
Check: package subdirectories
Result: NOTE
Problems with news in ‘NEWS.md’:
Cannot extract version info from the following section titles:
Updated help pages with examples
Updated conjugate model sampler
Flavors: r-devel-linux-x86_64-debian-clang, r-devel-linux-x86_64-debian-gcc, r-devel-linux-x86_64-fedora-clang, r-devel-linux-x86_64-fedora-gcc, r-devel-windows-x86_64, r-patched-linux-x86_64