CRAN Package Check Results for Package SBICgraph

Last updated on 2024-05-22 12:21:38 CEST.

Flavor Version Tinstall Tcheck Ttotal Status Flags
r-devel-linux-x86_64-debian-clang 1.0.0 6.86 113.70 120.56 NOTE
r-devel-linux-x86_64-debian-gcc 1.0.0 5.94 85.21 91.15 NOTE
r-devel-linux-x86_64-fedora-clang 1.0.0 148.28 NOTE
r-devel-linux-x86_64-fedora-gcc 1.0.0 159.97 NOTE
r-devel-windows-x86_64 1.0.0 8.00 100.00 108.00 NOTE
r-patched-linux-x86_64 1.0.0 7.07 111.11 118.18 NOTE
r-release-linux-x86_64 1.0.0 8.32 111.69 120.01 NOTE
r-release-macos-arm64 1.0.0 43.00 NOTE
r-release-windows-x86_64 1.0.0 8.00 100.00 108.00 NOTE
r-oldrel-macos-arm64 1.0.0 58.00 NOTE
r-oldrel-macos-x86_64 1.0.0 94.00 NOTE
r-oldrel-windows-x86_64 1.0.0 10.00 123.00 133.00 NOTE

Check Details

Version: 1.0.0
Check: LazyData
Result: NOTE 'LazyData' is specified without a 'data' directory Flavors: r-devel-linux-x86_64-debian-clang, r-devel-linux-x86_64-debian-gcc, r-devel-linux-x86_64-fedora-clang, r-devel-linux-x86_64-fedora-gcc, r-devel-windows-x86_64, r-patched-linux-x86_64, r-release-linux-x86_64, r-release-macos-arm64, r-release-windows-x86_64, r-oldrel-macos-arm64, r-oldrel-macos-x86_64, r-oldrel-windows-x86_64

Version: 1.0.0
Check: dependencies in R code
Result: NOTE Namespace in Imports field not imported from: ‘network’ All declared Imports should be used. Flavors: r-devel-linux-x86_64-fedora-clang, r-devel-linux-x86_64-fedora-gcc