Last updated on 2023-04-02 06:50:42 CEST.
Flavor | Version | Tinstall | Tcheck | Ttotal | Status | Flags |
---|---|---|---|---|---|---|
r-devel-linux-x86_64-debian-clang | 1.2 | 11.84 | 91.99 | 103.83 | OK | |
r-devel-linux-x86_64-debian-gcc | 1.2 | 9.64 | 69.56 | 79.20 | OK | |
r-devel-linux-x86_64-fedora-clang | 1.2 | 130.02 | NOTE | |||
r-devel-linux-x86_64-fedora-gcc | 1.2 | 129.19 | NOTE | |||
r-devel-windows-x86_64 | 1.2 | 17.00 | 128.00 | 145.00 | OK | |
r-patched-linux-x86_64 | 1.2 | 9.83 | 88.01 | 97.84 | OK | |
r-release-linux-x86_64 | 1.2 | 9.23 | 84.07 | 93.30 | OK | |
r-release-macos-arm64 | 1.2 | 46.00 | NOTE | |||
r-release-macos-x86_64 | 1.2 | 43.00 | NOTE | |||
r-release-windows-x86_64 | 1.2 | 35.00 | 115.00 | 150.00 | OK | |
r-oldrel-macos-arm64 | 1.2 | 41.00 | NOTE | |||
r-oldrel-macos-x86_64 | 1.2 | 62.00 | NOTE | |||
r-oldrel-windows-ix86+x86_64 | 1.2 | 19.00 | 107.00 | 126.00 | OK |
Version: 1.2
Check: dependencies in R code
Result: NOTE
Namespaces in Imports field not imported from:
‘R6’ ‘mgcv’
All declared Imports should be used.
Flavors: r-devel-linux-x86_64-fedora-clang, r-devel-linux-x86_64-fedora-gcc, r-release-macos-arm64, r-release-macos-x86_64, r-oldrel-macos-arm64, r-oldrel-macos-x86_64