CRAN Package Check Results for Package Rwofost

Last updated on 2022-05-20 12:53:35 CEST.

Flavor Version Tinstall Tcheck Ttotal Status Flags
r-devel-linux-x86_64-debian-clang 0.8-3 79.10 76.79 155.89 OK
r-devel-linux-x86_64-debian-gcc 0.8-3 68.83 57.06 125.89 OK
r-devel-linux-x86_64-fedora-clang 0.8-3 217.54 NOTE
r-devel-windows-x86_64 0.8-3 95.00 117.00 212.00 OK
r-patched-linux-x86_64 0.8-3 71.40 74.73 146.13 OK
r-release-linux-x86_64 0.8-3 71.92 74.27 146.19 OK
r-release-macos-arm64 0.8-3 47.00 NOTE
r-release-macos-x86_64 0.8-3 68.00 NOTE
r-release-windows-x86_64 0.8-3 100.00 121.00 221.00 OK
r-oldrel-macos-arm64 0.8-3 48.00 NOTE
r-oldrel-macos-x86_64 0.8-3 65.00 NOTE
r-oldrel-windows-ix86+x86_64 0.8-3 187.00 129.00 316.00 OK

Check Details

Version: 0.8-3
Check: installed package size
Result: NOTE
     installed size is 7.8Mb
     sub-directories of 1Mb or more:
     libs 6.8Mb
Flavors: r-devel-linux-x86_64-fedora-clang, r-release-macos-arm64, r-release-macos-x86_64, r-oldrel-macos-arm64, r-oldrel-macos-x86_64