Last updated on 2025-05-12 21:51:01 CEST.
Flavor | Version | Tinstall | Tcheck | Ttotal | Status | Flags |
---|---|---|---|---|---|---|
r-devel-linux-x86_64-debian-clang | 1.0.16 | 2.90 | 24.26 | 27.16 | NOTE | |
r-devel-linux-x86_64-debian-gcc | 1.0.16 | 2.04 | 19.62 | 21.66 | NOTE | |
r-devel-linux-x86_64-fedora-clang | 1.0.16 | 41.95 | OK | |||
r-devel-linux-x86_64-fedora-gcc | 1.0.16 | 39.85 | OK | |||
r-devel-windows-x86_64 | 1.0.16 | 4.00 | 46.00 | 50.00 | OK | |
r-patched-linux-x86_64 | 1.0.16 | 2.66 | 22.42 | 25.08 | OK | |
r-release-linux-x86_64 | 1.0.16 | 2.48 | 22.55 | 25.03 | OK | |
r-release-macos-arm64 | 1.0.16 | 30.00 | OK | |||
r-release-macos-x86_64 | 1.0.16 | 40.00 | OK | |||
r-release-windows-x86_64 | 1.0.16 | 4.00 | 53.00 | 57.00 | OK | |
r-oldrel-macos-arm64 | 1.0.16 | 29.00 | OK | |||
r-oldrel-macos-x86_64 | 1.0.16 | 30.00 | OK | |||
r-oldrel-windows-x86_64 | 1.0.16 | 5.00 | 54.00 | 59.00 | OK |
Version: 1.0.16
Check: CRAN incoming feasibility
Result: NOTE
Maintainer: ‘Brad Cable <brad@bcable.net>’
No Authors@R field in DESCRIPTION.
Please add one, modifying
Authors@R: person(given = "Brad",
family = "Cable",
role = c("aut", "cre"),
email = "brad@bcable.net")
as necessary.
Flavors: r-devel-linux-x86_64-debian-clang, r-devel-linux-x86_64-debian-gcc