Last updated on 2025-04-30 03:51:05 CEST.
Flavor | Version | Tinstall | Tcheck | Ttotal | Status | Flags |
---|---|---|---|---|---|---|
r-devel-linux-x86_64-debian-clang | 1.2 | 11.91 | 89.88 | 101.79 | NOTE | |
r-devel-linux-x86_64-debian-gcc | 1.2 | 8.21 | 64.86 | 73.07 | OK | |
r-devel-linux-x86_64-fedora-clang | 1.2 | 156.12 | OK | |||
r-devel-linux-x86_64-fedora-gcc | 1.2 | 152.54 | OK | |||
r-devel-windows-x86_64 | 1.2 | 13.00 | 107.00 | 120.00 | OK | |
r-patched-linux-x86_64 | 1.2 | 11.23 | 85.24 | 96.47 | OK | |
r-release-linux-x86_64 | 1.2 | 10.88 | 84.00 | 94.88 | OK | |
r-release-macos-arm64 | 1.2 | 50.00 | OK | |||
r-release-macos-x86_64 | 1.2 | 105.00 | OK | |||
r-release-windows-x86_64 | 1.2 | 13.00 | 111.00 | 124.00 | OK | |
r-oldrel-macos-arm64 | 1.2 | 53.00 | OK | |||
r-oldrel-macos-x86_64 | 1.2 | 146.00 | OK | |||
r-oldrel-windows-x86_64 | 1.2 | 15.00 | 128.00 | 143.00 | OK |
Version: 1.2
Check: examples
Result: NOTE
Examples with CPU (user + system) or elapsed time > 5s
user system elapsed
tangle_gram 1.805 0.156 7.102
Flavor: r-devel-linux-x86_64-debian-clang