Last updated on 2023-09-23 21:52:56 CEST.
Flavor | Version | Tinstall | Tcheck | Ttotal | Status | Flags |
---|---|---|---|---|---|---|
r-devel-linux-x86_64-debian-clang | 3.1 | 9.80 | 90.84 | 100.64 | NOTE | |
r-devel-linux-x86_64-debian-gcc | 3.1 | 8.89 | 74.72 | 83.61 | NOTE | |
r-devel-linux-x86_64-fedora-clang | 3.1 | 124.16 | NOTE | |||
r-devel-linux-x86_64-fedora-gcc | 3.1 | 130.46 | NOTE | |||
r-devel-windows-x86_64 | 3.1 | 10.00 | 86.00 | 96.00 | NOTE | |
r-patched-linux-x86_64 | 3.1 | 12.72 | 88.72 | 101.44 | OK | |
r-release-linux-x86_64 | 3.1 | 8.37 | 87.77 | 96.14 | OK | |
r-release-macos-arm64 | 3.1 | 36.00 | OK | |||
r-release-macos-x86_64 | 3.1 | 65.00 | OK | |||
r-release-windows-x86_64 | 3.1 | 12.00 | 100.00 | 112.00 | OK | |
r-oldrel-macos-arm64 | 3.1 | 37.00 | OK | |||
r-oldrel-macos-x86_64 | 3.1 | 48.00 | OK | |||
r-oldrel-windows-x86_64 | 3.1 | 13.00 | 102.00 | 115.00 | OK |
Version: 3.1
Check: Rd \usage sections
Result: NOTE
Documented arguments not in \usage in documentation object 'calculate.var.np':
‘sone’ ‘szero’ ‘yone’ ‘yzero’
Functions with \usage entries need to have the appropriate \alias
entries, and all their arguments documented.
The \usage entries must correspond to syntactically valid R code.
See chapter ‘Writing R documentation files’ in the ‘Writing R
Extensions’ manual.
Flavors: r-devel-linux-x86_64-debian-clang, r-devel-linux-x86_64-debian-gcc, r-devel-linux-x86_64-fedora-clang, r-devel-linux-x86_64-fedora-gcc, r-devel-windows-x86_64