CRAN Package Check Results for Package RstoxData

Last updated on 2022-01-27 21:50:12 CET.

Flavor Version Tinstall Tcheck Ttotal Status Flags
r-devel-linux-x86_64-debian-clang 1.2.1 55.76 111.13 166.89 OK
r-devel-linux-x86_64-debian-gcc 1.2.1 38.43 81.16 119.59 OK
r-devel-linux-x86_64-fedora-clang 1.2.1 209.22 NOTE
r-devel-linux-x86_64-fedora-gcc 1.2.1 195.29 NOTE
r-devel-windows-x86_64-new-UL 1.2.1 171.00 168.00 339.00 OK
r-devel-windows-x86_64-new-TK 1.2.1 NOTE
r-patched-linux-x86_64 1.2.1 47.36 104.99 152.35 OK
r-release-linux-x86_64 1.2.1 46.25 104.91 151.16 OK
r-release-macos-arm64 1.2.1 NOTE
r-release-macos-x86_64 1.2.1 NOTE
r-release-windows-ix86+x86_64 1.2.1 128.00 212.00 340.00 OK
r-oldrel-macos-x86_64 1.2.1 NOTE
r-oldrel-windows-ix86+x86_64 1.2.1 129.00 210.00 339.00 OK

Check Details

Version: 1.2.1
Check: data for non-ASCII characters
Result: NOTE
     Note: found 117 marked UTF-8 strings
Flavors: r-devel-linux-x86_64-fedora-clang, r-devel-linux-x86_64-fedora-gcc, r-devel-windows-x86_64-new-TK, r-release-macos-arm64, r-release-macos-x86_64, r-oldrel-macos-x86_64

Version: 1.2.1
Check: installed package size
Result: NOTE
     installed size is 5.7Mb
     sub-directories of 1Mb or more:
     libs 4.0Mb
Flavor: r-release-macos-arm64