CRAN Package Check Results for Package Rspotify

Last updated on 2022-09-28 03:55:05 CEST.

Flavor Version Tinstall Tcheck Ttotal Status Flags
r-devel-linux-x86_64-debian-clang 0.1.2 2.56 24.07 26.63 NOTE
r-devel-linux-x86_64-debian-gcc 0.1.2 1.75 19.00 20.75 NOTE
r-devel-linux-x86_64-fedora-clang 0.1.2 45.52 NOTE
r-devel-linux-x86_64-fedora-gcc 0.1.2 42.21 NOTE
r-devel-windows-x86_64 0.1.2 17.00 54.00 71.00 NOTE
r-patched-linux-x86_64 0.1.2 2.20 22.94 25.14 NOTE
r-release-linux-x86_64 0.1.2 1.91 22.91 24.82 NOTE
r-release-macos-arm64 0.1.2 15.00 NOTE
r-release-macos-x86_64 0.1.2 25.00 NOTE
r-release-windows-x86_64 0.1.2 11.00 51.00 62.00 NOTE
r-oldrel-macos-arm64 0.1.2 19.00 NOTE
r-oldrel-macos-x86_64 0.1.2 21.00 NOTE
r-oldrel-windows-ix86+x86_64 0.1.2 6.00 44.00 50.00 NOTE

Check Details

Version: 0.1.2
Check: LazyData
Result: NOTE
     'LazyData' is specified without a 'data' directory
Flavors: r-devel-linux-x86_64-debian-clang, r-devel-linux-x86_64-debian-gcc, r-devel-linux-x86_64-fedora-clang, r-devel-linux-x86_64-fedora-gcc, r-devel-windows-x86_64, r-patched-linux-x86_64, r-release-linux-x86_64, r-release-macos-arm64, r-release-macos-x86_64, r-release-windows-x86_64, r-oldrel-macos-arm64, r-oldrel-macos-x86_64, r-oldrel-windows-ix86+x86_64

Version: 0.1.2
Check: dependencies in R code
Result: NOTE
    Namespace in Imports field not imported from: ‘magrittr’
     All declared Imports should be used.
Flavors: r-devel-linux-x86_64-fedora-clang, r-devel-linux-x86_64-fedora-gcc, r-release-macos-arm64, r-release-macos-x86_64, r-oldrel-macos-arm64, r-oldrel-macos-x86_64