Last updated on 2023-09-23 21:52:56 CEST.
Flavor | Version | Tinstall | Tcheck | Ttotal | Status | Flags |
---|---|---|---|---|---|---|
r-devel-linux-x86_64-debian-clang | 1.0.0 | 6.27 | 49.14 | 55.41 | OK | |
r-devel-linux-x86_64-debian-gcc | 1.0.0 | 4.21 | 41.33 | 45.54 | OK | |
r-devel-linux-x86_64-fedora-clang | 1.0.0 | 67.83 | NOTE | |||
r-devel-linux-x86_64-fedora-gcc | 1.0.0 | 69.96 | NOTE | |||
r-devel-windows-x86_64 | 1.0.0 | 10.00 | 55.00 | 65.00 | OK | |
r-patched-linux-x86_64 | 1.0.0 | 5.19 | 46.49 | 51.68 | OK | |
r-release-linux-x86_64 | 1.0.0 | 4.81 | 47.28 | 52.09 | OK | |
r-release-macos-arm64 | 1.0.0 | 24.00 | OK | |||
r-release-macos-x86_64 | 1.0.0 | 37.00 | OK | |||
r-release-windows-x86_64 | 1.0.0 | 8.00 | 59.00 | 67.00 | OK | |
r-oldrel-macos-arm64 | 1.0.0 | 25.00 | NOTE | |||
r-oldrel-macos-x86_64 | 1.0.0 | 47.00 | NOTE | |||
r-oldrel-windows-x86_64 | 1.0.0 | 8.00 | 65.00 | 73.00 | OK |
Version: 1.0.0
Check: dependencies in R code
Result: NOTE
Namespace in Imports field not imported from: ‘utils’
All declared Imports should be used.
Flavors: r-devel-linux-x86_64-fedora-clang, r-devel-linux-x86_64-fedora-gcc, r-oldrel-macos-arm64, r-oldrel-macos-x86_64