CRAN Package Check Results for Package Rsgf

Last updated on 2024-06-19 12:27:25 CEST.

Flavor Version Tinstall Tcheck Ttotal Status Flags
r-devel-linux-x86_64-debian-clang 1.0.0 6.48 49.81 56.29 OK
r-devel-linux-x86_64-debian-gcc 1.0.0 3.69 37.39 41.08 OK
r-devel-linux-x86_64-fedora-clang 1.0.0 69.41 NOTE
r-devel-linux-x86_64-fedora-gcc 1.0.0 65.54 NOTE
r-devel-windows-x86_64 1.0.0 6.00 54.00 60.00 OK
r-patched-linux-x86_64 1.0.0 6.24 48.11 54.35 OK
r-release-linux-x86_64 1.0.0 6.00 48.08 54.08 OK
r-release-macos-arm64 1.0.0 23.00 OK
r-release-macos-x86_64 1.0.0 37.00 OK
r-release-windows-x86_64 1.0.0 6.00 55.00 61.00 OK
r-oldrel-macos-arm64 1.0.0 24.00 OK
r-oldrel-macos-x86_64 1.0.0 37.00 OK
r-oldrel-windows-x86_64 1.0.0 8.00 62.00 70.00 OK

Check Details

Version: 1.0.0
Check: dependencies in R code
Result: NOTE Namespace in Imports field not imported from: ‘utils’ All declared Imports should be used. Flavors: r-devel-linux-x86_64-fedora-clang, r-devel-linux-x86_64-fedora-gcc