Last updated on 2025-04-29 12:52:48 CEST.
Flavor | Version | Tinstall | Tcheck | Ttotal | Status | Flags |
---|---|---|---|---|---|---|
r-devel-linux-x86_64-debian-clang | 2.5-1 | 9.50 | 89.51 | 99.01 | NOTE | |
r-devel-linux-x86_64-debian-gcc | 2.5-1 | 6.67 | 62.25 | 68.92 | NOTE | |
r-devel-linux-x86_64-fedora-clang | 2.5-1 | 155.43 | OK | |||
r-devel-linux-x86_64-fedora-gcc | 2.5-1 | 152.24 | OK | |||
r-devel-windows-x86_64 | 2.5-1 | 11.00 | 110.00 | 121.00 | OK | |
r-patched-linux-x86_64 | 2.5-1 | 9.25 | 84.51 | 93.76 | OK | |
r-release-linux-x86_64 | 2.5-1 | 9.09 | 85.96 | 95.05 | OK | |
r-release-macos-arm64 | 2.5-1 | 41.00 | OK | |||
r-release-macos-x86_64 | 2.5-1 | 86.00 | OK | |||
r-release-windows-x86_64 | 2.5-1 | 12.00 | 114.00 | 126.00 | OK | |
r-oldrel-macos-arm64 | 2.5-1 | 40.00 | OK | |||
r-oldrel-macos-x86_64 | 2.5-1 | 60.00 | OK | |||
r-oldrel-windows-x86_64 | 2.5-1 | 12.00 | 133.00 | 145.00 | OK |
Version: 2.5-1
Check: examples
Result: NOTE
Examples with CPU (user + system) or elapsed time > 5s
user system elapsed
plotJACKLLZ 7.558 0.151 10.320
HiJACK 7.202 0.134 10.944
Flavor: r-devel-linux-x86_64-debian-clang
Version: 2.5-1
Check: examples
Result: NOTE
Examples with CPU (user + system) or elapsed time > 5s
user system elapsed
HiJACK 4.274 0.199 5.641
plotJACKLLZ 4.125 0.204 5.713
Flavor: r-devel-linux-x86_64-debian-gcc