CRAN Package Check Results for Package Rquake

Last updated on 2020-07-08 03:48:02 CEST.

Flavor Version Tinstall Tcheck Ttotal Status Flags
r-devel-linux-x86_64-debian-clang 2.4-0 11.12 80.55 91.67 OK
r-devel-linux-x86_64-debian-gcc 2.4-0 9.31 62.66 71.97 OK
r-devel-linux-x86_64-fedora-clang 2.4-0 118.71 OK
r-devel-linux-x86_64-fedora-gcc 2.4-0 109.04 OK
r-devel-windows-ix86+x86_64 2.4-0 24.00 106.00 130.00 OK
r-patched-linux-x86_64 2.4-0 11.53 80.21 91.74 OK
r-patched-solaris-x86 2.4-0 147.70 OK
r-release-linux-x86_64 2.4-0 11.47 80.76 92.23 OK
r-release-osx-x86_64 2.4-0 OK
r-release-windows-ix86+x86_64 2.4-0 25.00 96.00 121.00 OK
r-oldrel-osx-x86_64 2.4-0 WARN
r-oldrel-windows-ix86+x86_64 2.4-0 29.00 157.00 186.00 OK

Check Details

Version: 2.4-0
Check: whether package can be installed
Result: WARN
    Found the following significant warnings:
     Warning: 'rgl_init' failed, running with rgl.useNULL = TRUE
Flavor: r-oldrel-osx-x86_64