Last updated on 2025-02-04 06:49:22 CET.
Flavor | Version | Tinstall | Tcheck | Ttotal | Status | Flags |
---|---|---|---|---|---|---|
r-devel-linux-x86_64-debian-clang | 0.1-3 | 6.57 | 19.73 | 26.30 | OK | |
r-devel-linux-x86_64-debian-gcc | 0.1-3 | 4.64 | 16.56 | 21.20 | OK | |
r-devel-linux-x86_64-fedora-clang | 0.1-3 | 43.75 | OK | |||
r-devel-linux-x86_64-fedora-gcc | 0.1-3 | 40.26 | OK | |||
r-devel-windows-x86_64 | 0.1-3 | 46.00 | 171.00 | 217.00 | OK | |
r-patched-linux-x86_64 | 0.1-3 | 5.25 | 18.07 | 23.32 | OK | |
r-release-linux-x86_64 | 0.1-3 | 4.95 | 18.27 | 23.22 | OK | |
r-release-macos-arm64 | 0.1-3 | 26.00 | NOTE | |||
r-release-macos-x86_64 | 0.1-3 | 55.00 | NOTE | |||
r-release-windows-x86_64 | 0.1-3 | 46.00 | 160.00 | 206.00 | NOTE | |
r-oldrel-macos-arm64 | 0.1-3 | 32.00 | NOTE | |||
r-oldrel-macos-x86_64 | 0.1-3 | 53.00 | NOTE | |||
r-oldrel-windows-x86_64 | 0.1-3 | 33.00 | 5.00 | 38.00 | ERROR |
Version: 0.1-3
Check: installed package size
Result: NOTE
installed size is 49.3Mb
sub-directories of 1Mb or more:
libs 49.2Mb
Flavors: r-release-macos-arm64, r-release-macos-x86_64, r-release-windows-x86_64, r-oldrel-macos-arm64, r-oldrel-macos-x86_64
Version: 0.1-3
Check: whether package can be installed
Result: ERROR
Installation failed.
Flavor: r-oldrel-windows-x86_64