CRAN Package Check Results for Package Rpolyhedra

Last updated on 2020-06-07 06:46:57 CEST.

Flavor Version Tinstall Tcheck Ttotal Status Flags
r-devel-linux-x86_64-debian-clang 0.4.2 16.66 99.04 115.70 OK
r-devel-linux-x86_64-debian-gcc 0.4.2 12.69 76.77 89.46 OK
r-devel-linux-x86_64-fedora-clang 0.4.2 143.46 NOTE
r-devel-linux-x86_64-fedora-gcc 0.4.2 143.49 NOTE
r-devel-windows-ix86+x86_64 0.4.2 45.00 179.00 224.00 OK
r-patched-linux-x86_64 0.4.2 15.73 99.32 115.05 OK
r-patched-solaris-x86 0.4.2 201.70 NOTE
r-release-linux-x86_64 0.4.2 15.46 98.53 113.99 OK
r-release-osx-x86_64 0.4.2 NOTE
r-release-windows-ix86+x86_64 0.4.2 43.00 220.00 263.00 OK
r-oldrel-osx-x86_64 0.4.2 WARN
r-oldrel-windows-ix86+x86_64 0.4.2 46.00 177.00 223.00 OK

Check Details

Version: 0.4.2
Check: dependencies in R code
Result: NOTE
    Namespaces in Imports field not imported from:
     ‘dplyr’ ‘testthat’
     All declared Imports should be used.
Flavors: r-devel-linux-x86_64-fedora-clang, r-devel-linux-x86_64-fedora-gcc, r-patched-solaris-x86, r-release-osx-x86_64, r-oldrel-osx-x86_64

Version: 0.4.2
Check: whether package can be installed
Result: WARN
    Found the following significant warnings:
     Warning: 'rgl_init' failed, running with rgl.useNULL = TRUE
Flavor: r-oldrel-osx-x86_64