CRAN Package Check Results for Package Rpoet

Last updated on 2024-06-18 11:54:56 CEST.

Flavor Version Tinstall Tcheck Ttotal Status Flags
r-devel-linux-x86_64-debian-clang 1.1.0 1.83 26.56 28.39 NOTE
r-devel-linux-x86_64-debian-gcc 1.1.0 1.54 21.21 22.75 NOTE
r-devel-linux-x86_64-fedora-clang 1.1.0 38.12 NOTE
r-devel-linux-x86_64-fedora-gcc 1.1.0 48.33 NOTE
r-devel-windows-x86_64 1.1.0 3.00 42.00 45.00 NOTE
r-patched-linux-x86_64 1.1.0 2.01 26.75 28.76 NOTE
r-release-linux-x86_64 1.1.0 1.94 26.87 28.81 NOTE
r-release-macos-arm64 1.1.0 20.00 NOTE
r-release-macos-x86_64 1.1.0 31.00 NOTE
r-release-windows-x86_64 1.1.0 3.00 44.00 47.00 NOTE
r-oldrel-macos-arm64 1.1.0 19.00 NOTE
r-oldrel-macos-x86_64 1.1.0 28.00 NOTE
r-oldrel-windows-x86_64 1.1.0 3.00 50.00 53.00 NOTE

Check Details

Version: 1.1.0
Check: Rd files
Result: NOTE checkRd: (-1) get.poetry.Rd:17: Lost braces; missing escapes or markup? 17 | \item{output}{Can be any or a combination of the input terms {'author', 'title', 'lines', 'linecount'}. If NULL, all | ^ Flavors: r-devel-linux-x86_64-debian-clang, r-devel-linux-x86_64-debian-gcc, r-devel-linux-x86_64-fedora-clang, r-devel-linux-x86_64-fedora-gcc, r-devel-windows-x86_64, r-patched-linux-x86_64, r-release-linux-x86_64, r-release-macos-arm64, r-release-macos-x86_64, r-release-windows-x86_64

Version: 1.1.0
Check: LazyData
Result: NOTE 'LazyData' is specified without a 'data' directory Flavors: r-devel-linux-x86_64-debian-clang, r-devel-linux-x86_64-debian-gcc, r-devel-linux-x86_64-fedora-clang, r-devel-linux-x86_64-fedora-gcc, r-devel-windows-x86_64, r-patched-linux-x86_64, r-release-linux-x86_64, r-release-macos-arm64, r-release-macos-x86_64, r-release-windows-x86_64, r-oldrel-macos-arm64, r-oldrel-macos-x86_64, r-oldrel-windows-x86_64