Last updated on 2024-04-18 03:52:08 CEST.
Flavor | Version | Tinstall | Tcheck | Ttotal | Status | Flags |
---|---|---|---|---|---|---|
r-devel-linux-x86_64-debian-clang | 0.3.10 | 77.79 | 145.60 | 223.39 | OK | |
r-devel-linux-x86_64-debian-gcc | 0.3.10 | 57.24 | 105.64 | 162.88 | OK | |
r-devel-linux-x86_64-fedora-clang | 0.3.10 | 279.56 | OK | |||
r-devel-linux-x86_64-fedora-gcc | 0.3.10 | 279.48 | OK | |||
r-prerel-macos-arm64 | 0.3.10 | 62.00 | NOTE | |||
r-prerel-windows-x86_64 | 0.3.10 | 56.00 | 134.00 | 190.00 | OK | |
r-patched-linux-x86_64 | 0.3.10 | 71.92 | 138.03 | 209.95 | OK | |
r-release-linux-x86_64 | 0.3.10 | 57.61 | 139.88 | 197.49 | OK | |
r-release-macos-arm64 | 0.3.10 | 82.00 | NOTE | |||
r-release-macos-x86_64 | 0.3.10 | 186.00 | NOTE | |||
r-release-windows-x86_64 | 0.3.10 | 75.00 | 172.00 | 247.00 | OK | |
r-oldrel-macos-arm64 | 0.3.10 | 74.00 | NOTE | |||
r-oldrel-windows-x86_64 | 0.3.10 | 71.00 | 166.00 | 237.00 | OK |
Version: 0.3.10
Check: installed package size
Result: NOTE
installed size is 5.5Mb
sub-directories of 1Mb or more:
libs 5.3Mb
Flavors: r-prerel-macos-arm64, r-release-macos-arm64, r-release-macos-x86_64, r-oldrel-macos-arm64