CRAN Package Check Results for Package Rphylopars

Last updated on 2020-03-28 21:47:58 CET.

Flavor Version Tinstall Tcheck Ttotal Status Flags
r-devel-linux-x86_64-debian-clang 0.2.12 OK
r-devel-linux-x86_64-debian-gcc 0.2.12 50.32 82.12 132.44 OK
r-devel-linux-x86_64-fedora-clang 0.2.12 223.65 WARN
r-devel-linux-x86_64-fedora-gcc 0.2.12 212.88 OK
r-devel-windows-ix86+x86_64 0.2.12 112.00 167.00 279.00 OK
r-devel-windows-ix86+x86_64-gcc8 0.2.12 130.00 176.00 306.00 OK
r-patched-linux-x86_64 0.2.12 55.57 104.27 159.84 OK
r-patched-solaris-x86 0.2.12 271.20 OK
r-release-linux-x86_64 0.2.12 51.33 94.78 146.11 OK
r-release-windows-ix86+x86_64 0.2.12 164.00 255.00 419.00 OK
r-release-osx-x86_64 0.2.12 NOTE
r-oldrel-windows-ix86+x86_64 0.2.12 139.00 245.00 384.00 OK
r-oldrel-osx-x86_64 0.2.12 NOTE

Check Details

Version: 0.2.12
Check: package dependencies
Result: WARN
    Requires orphaned package: ‘mvnmle’
Flavor: r-devel-linux-x86_64-fedora-clang

Version: 0.2.12
Check: installed package size
Result: NOTE
     installed size is 5.7Mb
     sub-directories of 1Mb or more:
     libs 5.5Mb
Flavors: r-devel-linux-x86_64-fedora-clang, r-release-osx-x86_64, r-oldrel-osx-x86_64