CRAN Package Check Results for Package Rosenbrock

Last updated on 2023-03-30 21:50:05 CEST.

Flavor Version Tinstall Tcheck Ttotal Status Flags
r-devel-linux-x86_64-debian-clang 0.1.0 1.93 21.00 22.93 NOTE
r-devel-linux-x86_64-debian-gcc 0.1.0 1.69 16.64 18.33 NOTE
r-devel-linux-x86_64-fedora-clang 0.1.0 29.33 NOTE
r-devel-linux-x86_64-fedora-gcc 0.1.0 28.76 NOTE
r-devel-windows-x86_64 0.1.0 12.00 0.00 12.00 NOTE
r-patched-linux-x86_64 0.1.0 2.39 20.73 23.12 NOTE
r-release-linux-x86_64 0.1.0 2.02 21.89 23.91 NOTE
r-release-macos-arm64 0.1.0 20.00 NOTE
r-release-macos-x86_64 0.1.0 20.00 NOTE
r-release-windows-x86_64 0.1.0 9.00 52.00 61.00 NOTE
r-oldrel-macos-arm64 0.1.0 15.00 NOTE
r-oldrel-macos-x86_64 0.1.0 22.00 NOTE
r-oldrel-windows-ix86+x86_64 0.1.0 5.00 46.00 51.00 NOTE

Check Details

Version: 0.1.0
Check: LazyData
Result: NOTE
     'LazyData' is specified without a 'data' directory
Flavors: r-devel-linux-x86_64-debian-clang, r-devel-linux-x86_64-debian-gcc, r-devel-linux-x86_64-fedora-clang, r-devel-linux-x86_64-fedora-gcc, r-devel-windows-x86_64, r-patched-linux-x86_64, r-release-linux-x86_64, r-release-macos-arm64, r-release-macos-x86_64, r-release-windows-x86_64, r-oldrel-macos-arm64, r-oldrel-macos-x86_64, r-oldrel-windows-ix86+x86_64