CRAN Package Check Results for Package Rook

Last updated on 2025-07-25 12:50:16 CEST.

Flavor Version Tinstall Tcheck Ttotal Status Flags
r-devel-linux-x86_64-debian-clang 1.2 6.27 28.45 34.72 NOTE
r-devel-linux-x86_64-debian-gcc 1.2 3.63 22.60 26.23 NOTE
r-devel-linux-x86_64-fedora-clang 1.2 51.13 OK
r-devel-linux-x86_64-fedora-gcc 1.2 49.71 OK
r-devel-windows-x86_64 1.2 8.00 59.00 67.00 OK
r-patched-linux-x86_64 1.2 5.83 26.61 32.44 OK
r-release-linux-x86_64 1.2 4.79 26.66 31.45 OK
r-release-macos-arm64 1.2 20.00 OK
r-release-macos-x86_64 1.2 35.00 OK
r-release-windows-x86_64 1.2 8.00 56.00 64.00 OK
r-oldrel-macos-arm64 1.2 19.00 OK
r-oldrel-macos-x86_64 1.2 27.00 OK
r-oldrel-windows-x86_64 1.2 7.00 58.00 65.00 OK

Additional issues

rchk

Check Details

Version: 1.2
Check: CRAN incoming feasibility
Result: NOTE Maintainer: ‘Evan Biederstedt <evan.biederstedt@gmail.com>’ No Authors@R field in DESCRIPTION. Please add one, modifying Authors@R: c(person(given = "Jeffrey", family = "Horner", role = "aut"), person(given = "Evan", family = "Biederstedt", role = c("aut", "cre"), email = "evan.biederstedt@gmail.com")) as necessary. Flavors: r-devel-linux-x86_64-debian-clang, r-devel-linux-x86_64-debian-gcc