Last updated on 2024-03-29 04:06:05 CET.
Flavor | Version | Tinstall | Tcheck | Ttotal | Status | Flags |
---|---|---|---|---|---|---|
r-devel-linux-x86_64-debian-clang | 0.4.0 | 6.89 | 32.44 | 39.33 | NOTE | |
r-devel-linux-x86_64-debian-gcc | 0.4.0 | 5.23 | 25.34 | 30.57 | NOTE | |
r-devel-linux-x86_64-fedora-clang | 0.4.0 | 48.76 | NOTE | |||
r-devel-linux-x86_64-fedora-gcc | 0.4.0 | 47.62 | NOTE | |||
r-devel-windows-x86_64 | 0.4.0 | 6.00 | 45.00 | 51.00 | NOTE | |
r-patched-linux-x86_64 | 0.4.0 | 6.00 | 31.02 | 37.02 | NOTE | |
r-release-linux-x86_64 | 0.4.0 | 6.90 | 31.70 | 38.60 | NOTE | |
r-release-macos-arm64 | 0.4.0 | 22.00 | NOTE | |||
r-release-macos-x86_64 | 0.4.0 | 26.00 | NOTE | |||
r-release-windows-x86_64 | 0.4.0 | 8.00 | 47.00 | 55.00 | NOTE | |
r-oldrel-macos-arm64 | 0.4.0 | 16.00 | NOTE | |||
r-oldrel-windows-x86_64 | 0.4.0 | 8.00 | 52.00 | 60.00 | NOTE |
Version: 0.4.0
Check: LazyData
Result: NOTE
'LazyData' is specified without a 'data' directory
Flavors: r-devel-linux-x86_64-debian-clang, r-devel-linux-x86_64-debian-gcc, r-devel-linux-x86_64-fedora-clang, r-devel-linux-x86_64-fedora-gcc, r-devel-windows-x86_64, r-patched-linux-x86_64, r-release-linux-x86_64, r-release-macos-arm64, r-release-macos-x86_64, r-release-windows-x86_64, r-oldrel-macos-arm64, r-oldrel-windows-x86_64