CRAN Package Check Results for Package RobStatTM

Last updated on 2022-05-27 12:53:24 CEST.

Flavor Version Tinstall Tcheck Ttotal Status Flags
r-devel-linux-x86_64-debian-clang 1.0.5 14.42 82.35 96.77 OK
r-devel-linux-x86_64-debian-gcc 1.0.5 12.03 61.83 73.86 OK
r-devel-linux-x86_64-fedora-clang 1.0.5 117.33 NOTE
r-devel-linux-x86_64-fedora-gcc 1.0.5 114.82 NOTE
r-devel-windows-x86_64 1.0.5 89.00 101.00 190.00 OK
r-patched-linux-x86_64 1.0.5 15.64 78.01 93.65 OK
r-release-linux-x86_64 1.0.5 13.80 78.02 91.82 OK
r-release-macos-arm64 1.0.5 26.00 NOTE
r-release-macos-x86_64 1.0.5 44.00 NOTE
r-release-windows-x86_64 1.0.5 96.00 107.00 203.00 OK
r-oldrel-macos-arm64 1.0.5 25.00 NOTE
r-oldrel-macos-x86_64 1.0.5 46.00 NOTE
r-oldrel-windows-ix86+x86_64 1.0.5 30.00 124.00 154.00 OK

Check Details

Version: 1.0.5
Check: dependencies in R code
Result: NOTE
    Namespaces in Imports field not imported from:
     ‘graphics’ ‘methods’ ‘utils’
     All declared Imports should be used.
Flavors: r-devel-linux-x86_64-fedora-clang, r-devel-linux-x86_64-fedora-gcc, r-release-macos-arm64, r-release-macos-x86_64, r-oldrel-macos-arm64, r-oldrel-macos-x86_64