Last updated on 2023-03-31 11:54:21 CEST.
Flavor | Version | Tinstall | Tcheck | Ttotal | Status | Flags |
---|---|---|---|---|---|---|
r-devel-linux-x86_64-debian-clang | 1.0.5 | 12.92 | 77.68 | 90.60 | WARN | |
r-devel-linux-x86_64-debian-gcc | 1.0.5 | 12.74 | 57.76 | 70.50 | OK | |
r-devel-linux-x86_64-fedora-clang | 1.0.5 | 120.92 | WARN | |||
r-devel-linux-x86_64-fedora-gcc | 1.0.5 | 132.54 | NOTE | |||
r-devel-windows-x86_64 | 1.0.5 | 78.00 | 0.00 | 78.00 | OK | |
r-patched-linux-x86_64 | 1.0.5 | 19.31 | 73.99 | 93.30 | OK | |
r-release-linux-x86_64 | 1.0.5 | 12.53 | 72.86 | 85.39 | OK | |
r-release-macos-arm64 | 1.0.5 | 26.00 | NOTE | |||
r-release-macos-x86_64 | 1.0.5 | 44.00 | NOTE | |||
r-release-windows-x86_64 | 1.0.5 | 79.00 | 110.00 | 189.00 | OK | |
r-oldrel-macos-arm64 | 1.0.5 | 25.00 | NOTE | |||
r-oldrel-macos-x86_64 | 1.0.5 | 46.00 | NOTE | |||
r-oldrel-windows-ix86+x86_64 | 1.0.5 | 33.00 | 122.00 | 155.00 | OK |
Version: 1.0.5
Check: whether package can be installed
Result: WARN
Found the following significant warnings:
lmrob.c:519:5: warning: variable 'equed' is uninitialized when used here [-Wuninitialized]
lmrob.c:1956:5: warning: variable 'equed' is uninitialized when used here [-Wuninitialized]
lmrob.c:2058:5: warning: variable 'equed' is uninitialized when used here [-Wuninitialized]
lmrob.c:2299:5: warning: variable 'equed' is uninitialized when used here [-Wuninitialized]
See ‘/home/hornik/tmp/R.check/r-devel-clang/Work/PKGS/RobStatTM.Rcheck/00install.out’ for details.
* used C compiler: ‘Debian clang version 15.0.6’
* used Fortran compiler: ‘GNU Fortran (Debian 12.2.0-14) 12.2.0’
Flavor: r-devel-linux-x86_64-debian-clang
Version: 1.0.5
Check: whether package can be installed
Result: WARN
Found the following significant warnings:
lmrob.c:519:5: warning: variable 'equed' is uninitialized when used here [-Wuninitialized]
lmrob.c:1956:5: warning: variable 'equed' is uninitialized when used here [-Wuninitialized]
lmrob.c:2058:5: warning: variable 'equed' is uninitialized when used here [-Wuninitialized]
lmrob.c:2299:5: warning: variable 'equed' is uninitialized when used here [-Wuninitialized]
See ‘/data/gannet/ripley/R/packages/tests-clang/RobStatTM.Rcheck/00install.out’ for details.
* used C compiler: ‘clang version 16.0.0’
* used Fortran compiler: ‘GNU Fortran (GCC) 12.2.1 20221121 (Red Hat 12.2.1-4)’
Flavor: r-devel-linux-x86_64-fedora-clang
Version: 1.0.5
Check: dependencies in R code
Result: NOTE
Namespaces in Imports field not imported from:
‘graphics’ ‘methods’ ‘utils’
All declared Imports should be used.
Flavors: r-devel-linux-x86_64-fedora-clang, r-devel-linux-x86_64-fedora-gcc, r-release-macos-arm64, r-release-macos-x86_64, r-oldrel-macos-arm64, r-oldrel-macos-x86_64