Last updated on 2023-03-22 03:51:27 CET.
Flavor | Version | Tinstall | Tcheck | Ttotal | Status | Flags |
---|---|---|---|---|---|---|
r-devel-linux-x86_64-debian-clang | 1.2.0 | 38.21 | 344.79 | 383.00 | OK | |
r-devel-linux-x86_64-debian-gcc | 1.2.0 | 31.12 | 260.90 | 292.02 | OK | |
r-devel-linux-x86_64-fedora-clang | 1.2.0 | 530.53 | NOTE | |||
r-devel-linux-x86_64-fedora-gcc | 1.2.0 | 473.02 | OK | |||
r-devel-windows-x86_64 | 1.2.0 | 55.00 | 333.00 | 388.00 | OK | |
r-patched-linux-x86_64 | 1.2.0 | 33.72 | 317.14 | 350.86 | OK | |
r-release-linux-x86_64 | 1.2.0 | 34.94 | 315.66 | 350.60 | OK | |
r-release-macos-arm64 | 1.2.0 | 107.00 | NOTE | |||
r-release-macos-x86_64 | 1.2.0 | 203.00 | NOTE | |||
r-release-windows-x86_64 | 1.2.0 | 47.00 | 338.00 | 385.00 | OK | |
r-oldrel-macos-arm64 | 1.2.0 | 162.00 | NOTE | |||
r-oldrel-macos-x86_64 | 1.2.0 | 12.00 | ERROR | |||
r-oldrel-windows-ix86+x86_64 | 1.2.0 | 40.00 | 20.00 | 60.00 | ERROR |
Version: 1.2.0
Check: Rd cross-references
Result: NOTE
Undeclared package ‘distrEx’ in Rd xrefs
Flavor: r-devel-linux-x86_64-fedora-clang
Version: 1.2.0
Check: package dependencies
Result: NOTE
Package suggested but not available for checking: ‘illuminaHumanv3.db’
Flavors: r-release-macos-arm64, r-oldrel-macos-arm64
Version: 1.2.0
Check: package dependencies
Result: NOTE
Packages suggested but not available for checking:
'affydata', 'illuminaHumanv3.db'
Flavors: r-release-macos-x86_64, r-oldrel-macos-x86_64
Version: 1.2.0
Check: whether package can be installed
Result: ERROR
Installation failed.
Flavors: r-oldrel-macos-x86_64, r-oldrel-windows-ix86+x86_64