Last updated on 2023-03-30 21:50:05 CEST.
Flavor | Version | Tinstall | Tcheck | Ttotal | Status | Flags |
---|---|---|---|---|---|---|
r-devel-linux-x86_64-debian-clang | 1.2.0 | 21.98 | 202.09 | 224.07 | OK | |
r-devel-linux-x86_64-debian-gcc | 1.2.0 | 17.07 | 148.79 | 165.86 | OK | |
r-devel-linux-x86_64-fedora-clang | 1.2.0 | 275.91 | NOTE | |||
r-devel-linux-x86_64-fedora-gcc | 1.2.0 | 287.59 | OK | |||
r-devel-windows-x86_64 | 1.2.0 | 48.00 | 0.00 | 48.00 | OK | |
r-patched-linux-x86_64 | 1.2.0 | 18.56 | 192.15 | 210.71 | OK | |
r-release-linux-x86_64 | 1.2.0 | 20.52 | 189.03 | 209.55 | OK | |
r-release-macos-arm64 | 1.2.0 | 69.00 | OK | |||
r-release-macos-x86_64 | 1.2.0 | 113.00 | OK | |||
r-release-windows-x86_64 | 1.2.0 | 44.00 | 226.00 | 270.00 | OK | |
r-oldrel-macos-arm64 | 1.2.0 | 77.00 | OK | |||
r-oldrel-macos-x86_64 | 1.2.0 | 88.00 | OK | |||
r-oldrel-windows-ix86+x86_64 | 1.2.0 | 42.00 | 219.00 | 261.00 | OK |
Version: 1.2.0
Check: Rd cross-references
Result: NOTE
Undeclared package ‘ROptEst’ in Rd xrefs
Flavor: r-devel-linux-x86_64-fedora-clang