Last updated on 2023-10-04 13:01:24 CEST.
Flavor | Version | Tinstall | Tcheck | Ttotal | Status | Flags |
---|---|---|---|---|---|---|
r-devel-linux-x86_64-debian-clang | 1.0.2 | 358.40 | 107.63 | 466.03 | OK | |
r-devel-linux-x86_64-debian-gcc | 1.0.2 | 236.46 | 88.13 | 324.59 | OK | |
r-devel-linux-x86_64-fedora-clang | 1.0.2 | 670.95 | OK | |||
r-devel-linux-x86_64-fedora-gcc | 1.0.2 | 684.63 | OK | |||
r-devel-windows-x86_64 | 1.0.2 | 275.00 | 119.00 | 394.00 | OK | |
r-patched-linux-x86_64 | 1.0.2 | 330.82 | 113.84 | 444.66 | OK | |
r-release-linux-x86_64 | 1.0.2 | 332.50 | 112.79 | 445.29 | OK | |
r-release-macos-arm64 | 1.0.2 | 152.00 | NOTE | |||
r-release-macos-x86_64 | 1.0.2 | 254.00 | NOTE | |||
r-release-windows-x86_64 | 1.0.2 | 333.00 | 142.00 | 475.00 | OK | |
r-oldrel-macos-arm64 | 1.0.2 | 131.00 | NOTE | |||
r-oldrel-macos-x86_64 | 1.0.2 | 240.00 | NOTE | |||
r-oldrel-windows-x86_64 | 1.0.2 | 312.00 | 135.00 | 447.00 | OK |
Version: 1.0.2
Check: installed package size
Result: NOTE
installed size is 22.1Mb
sub-directories of 1Mb or more:
libs 21.9Mb
Flavors: r-release-macos-arm64, r-release-macos-x86_64, r-oldrel-macos-arm64, r-oldrel-macos-x86_64