CRAN Package Check Results for Package RoBSA

Last updated on 2023-03-24 02:51:43 CET.

Flavor Version Tinstall Tcheck Ttotal Status Flags
r-devel-linux-x86_64-debian-clang 1.0.1 26.54 126.17 152.71 OK
r-devel-linux-x86_64-debian-gcc 1.0.1 21.08 97.12 118.20 OK
r-devel-linux-x86_64-fedora-clang 1.0.1 161.83 NOTE
r-devel-linux-x86_64-fedora-gcc 1.0.1 229.34 OK
r-devel-windows-x86_64 1.0.1 84.00 205.00 289.00 OK
r-patched-linux-x86_64 1.0.1 21.62 114.68 136.30 OK
r-release-linux-x86_64 1.0.1 20.03 117.27 137.30 OK
r-release-macos-arm64 1.0.1 72.00 OK
r-release-macos-x86_64 1.0.1 105.00 OK
r-release-windows-x86_64 1.0.1 64.00 186.00 250.00 OK
r-oldrel-macos-arm64 1.0.1 85.00 OK
r-oldrel-macos-x86_64 1.0.1 105.00 OK
r-oldrel-windows-ix86+x86_64 1.0.1 53.00 277.00 330.00 OK

Check Details

Version: 1.0.1
Check: Rd cross-references
Result: NOTE
    Undeclared package ‘extraDistr’ in Rd xrefs
Flavor: r-devel-linux-x86_64-fedora-clang