CRAN Package Check Results for Package Rmpfr

Last updated on 2019-10-16 21:47:06 CEST.

Flavor Version Tinstall Tcheck Ttotal Status Flags
r-devel-linux-x86_64-debian-clang 0.7-2 20.28 338.14 358.42 WARN
r-devel-linux-x86_64-debian-gcc 0.7-2 15.55 254.92 270.47 WARN
r-devel-linux-x86_64-fedora-clang 0.7-2 452.04 WARN
r-devel-linux-x86_64-fedora-gcc 0.7-2 450.39 WARN
r-devel-windows-ix86+x86_64 0.7-2 48.00 901.00 949.00 OK
r-patched-linux-x86_64 0.7-2 16.97 337.42 354.39 OK
r-patched-solaris-x86 0.7-2 790.60 OK
r-release-linux-x86_64 0.7-2 16.14 330.93 347.07 OK
r-release-windows-ix86+x86_64 0.7-2 34.00 1087.00 1121.00 OK
r-release-osx-x86_64 0.7-2 OK
r-oldrel-windows-ix86+x86_64 0.7-2 27.00 904.00 931.00 OK
r-oldrel-osx-x86_64 0.7-2 OK

Check Details

Version: 0.7-2
Check: whether package can be installed
Result: WARN
    Found the following significant warnings:
     'config' variable 'CPP' is deprecated
Flavors: r-devel-linux-x86_64-debian-clang, r-devel-linux-x86_64-debian-gcc, r-devel-linux-x86_64-fedora-clang, r-devel-linux-x86_64-fedora-gcc