Last updated on 2024-04-18 21:57:03 CEST.
Flavor | Version | Tinstall | Tcheck | Ttotal | Status | Flags |
---|---|---|---|---|---|---|
r-devel-linux-x86_64-debian-clang | 0.2-10 | 158.34 | 31.30 | 189.64 | OK | |
r-devel-linux-x86_64-debian-gcc | 0.2-10 | 120.06 | 23.51 | 143.57 | OK | |
r-devel-linux-x86_64-fedora-clang | 0.2-10 | 351.04 | OK | |||
r-devel-linux-x86_64-fedora-gcc | 0.2-10 | 268.52 | OK | |||
r-prerel-macos-arm64 | 0.2-10 | 57.00 | NOTE | |||
r-prerel-windows-x86_64 | 0.2-10 | 143.00 | 89.00 | 232.00 | OK | |
r-patched-linux-x86_64 | 0.2-10 | 154.86 | 29.70 | 184.56 | OK | |
r-release-linux-x86_64 | 0.2-10 | 153.00 | 29.77 | 182.77 | OK | |
r-release-macos-arm64 | 0.2-10 | 67.00 | NOTE | |||
r-release-macos-x86_64 | 0.2-10 | 69.00 | NOTE | |||
r-release-windows-x86_64 | 0.2-10 | 158.00 | 116.00 | 274.00 | OK | |
r-oldrel-macos-arm64 | 0.2-10 | 67.00 | NOTE | |||
r-oldrel-windows-x86_64 | 0.2-10 | 147.00 | 90.00 | 237.00 | OK |
Version: 0.2-10
Check: installed package size
Result: NOTE
installed size is 8.5Mb
sub-directories of 1Mb or more:
libs 8.4Mb
Flavors: r-prerel-macos-arm64, r-release-macos-arm64, r-release-macos-x86_64, r-oldrel-macos-arm64