Last updated on 2023-09-23 21:52:55 CEST.
Flavor | Version | Tinstall | Tcheck | Ttotal | Status | Flags |
---|---|---|---|---|---|---|
r-devel-linux-x86_64-debian-clang | 0.2-10 | 153.53 | 30.98 | 184.51 | OK | |
r-devel-linux-x86_64-debian-gcc | 0.2-10 | 107.09 | 25.65 | 132.74 | OK | |
r-devel-linux-x86_64-fedora-clang | 0.2-10 | 338.48 | OK | |||
r-devel-linux-x86_64-fedora-gcc | 0.2-10 | 272.89 | OK | |||
r-devel-windows-x86_64 | 0.2-10 | 131.00 | 78.00 | 209.00 | OK | |
r-patched-linux-x86_64 | 0.2-10 | 153.14 | 29.59 | 182.73 | OK | |
r-release-linux-x86_64 | 0.2-10 | 150.94 | 30.04 | 180.98 | OK | |
r-release-macos-arm64 | 0.2-10 | 67.00 | NOTE | |||
r-release-macos-x86_64 | 0.2-10 | 69.00 | NOTE | |||
r-release-windows-x86_64 | 0.2-10 | 165.00 | 111.00 | 276.00 | OK | |
r-oldrel-macos-arm64 | 0.2-10 | 67.00 | NOTE | |||
r-oldrel-macos-x86_64 | 0.2-10 | 81.00 | NOTE | |||
r-oldrel-windows-x86_64 | 0.2-10 | 151.00 | 85.00 | 236.00 | OK |
Version: 0.2-10
Check: installed package size
Result: NOTE
installed size is 9.1Mb
sub-directories of 1Mb or more:
libs 9.0Mb
Flavors: r-release-macos-arm64, r-release-macos-x86_64, r-oldrel-macos-arm64, r-oldrel-macos-x86_64