CRAN Package Check Results for Package Rlda

Last updated on 2020-02-17 03:49:23 CET.

Flavor Version Tinstall Tcheck Ttotal Status Flags
r-devel-linux-x86_64-debian-clang 0.2.6 130.86 44.54 175.40 NOTE
r-devel-linux-x86_64-debian-gcc 0.2.6 91.95 34.90 126.85 NOTE
r-devel-linux-x86_64-fedora-clang 0.2.6 257.80 NOTE
r-devel-windows-ix86+x86_64 0.2.6 231.00 90.00 321.00 OK
r-devel-windows-ix86+x86_64-gcc8 0.2.6 319.00 128.00 447.00 OK
r-patched-linux-x86_64 0.2.6 99.94 39.56 139.50 OK
r-patched-solaris-x86 0.2.6 216.80 OK
r-release-linux-x86_64 0.2.6 97.28 39.61 136.89 OK
r-release-windows-ix86+x86_64 0.2.6 227.00 85.00 312.00 OK
r-release-osx-x86_64 0.2.6 NOTE
r-oldrel-windows-ix86+x86_64 0.2.6 199.00 81.00 280.00 OK
r-oldrel-osx-x86_64 0.2.6 NOTE

Check Details

Version: 0.2.6
Check: package dependencies
Result: NOTE
    Package suggested but not available for checking: 'MCMCpack'
Flavors: r-devel-linux-x86_64-debian-clang, r-devel-linux-x86_64-debian-gcc

Version: 0.2.6
Check: installed package size
Result: NOTE
     installed size is 7.5Mb
     sub-directories of 1Mb or more:
     libs 6.5Mb
Flavors: r-devel-linux-x86_64-fedora-clang, r-release-osx-x86_64, r-oldrel-osx-x86_64