CRAN Package Check Results for Package Rlda

Last updated on 2020-09-25 06:50:08 CEST.

Flavor Version Tinstall Tcheck Ttotal Status Flags
r-devel-linux-x86_64-debian-clang 0.2.6 133.19 45.36 178.55 OK
r-devel-linux-x86_64-debian-gcc 0.2.6 105.23 36.21 141.44 OK
r-devel-linux-x86_64-fedora-clang 0.2.6 260.41 NOTE
r-devel-linux-x86_64-fedora-gcc 0.2.6 239.45 OK
r-devel-windows-ix86+x86_64 0.2.6 314.00 100.00 414.00 OK
r-patched-linux-x86_64 0.2.6 106.38 43.97 150.35 OK
r-patched-solaris-x86 0.2.6 208.70 OK
r-release-linux-x86_64 0.2.6 106.15 43.65 149.80 OK
r-release-macos-x86_64 0.2.6 NOTE
r-release-windows-ix86+x86_64 0.2.6 265.00 100.00 365.00 OK
r-oldrel-macos-x86_64 0.2.6 NOTE
r-oldrel-windows-ix86+x86_64 0.2.6 280.00 95.00 375.00 OK

Check Details

Version: 0.2.6
Check: installed package size
Result: NOTE
     installed size is 8.5Mb
     sub-directories of 1Mb or more:
     libs 7.5Mb
Flavors: r-devel-linux-x86_64-fedora-clang, r-release-macos-x86_64, r-oldrel-macos-x86_64